{"id":1503,"date":"2018-08-29T14:15:16","date_gmt":"2018-08-29T17:15:16","guid":{"rendered":"https:\/\/cmbsas-caba.infd.edu.ar\/sitio\/historia\/"},"modified":"2024-02-17T14:44:31","modified_gmt":"2024-02-17T17:44:31","slug":"historia","status":"publish","type":"page","link":"https:\/\/cmbsas-caba.infd.edu.ar\/sitio\/institucional\/historia\/","title":{"rendered":"Historia"},"content":{"rendered":"\n<p>El origen del \u00abConservatorio de M\u00fasica de la Ciudad de Buenos Aires\u00bb se remonta a 1989, cuando el Ministerio de Educaci\u00f3n y Justicia dict\u00f3 la Resoluci\u00f3n N \u00ba 643\/89 por la que se dispuso dividir el Conservatorio Nacional de M\u00fasica \u201cCarlos L\u00f3pez Buchardo\u201d en dos establecimientos: la Escuela Nacional de M\u00fasica (Ciclo Medio) y el Conservatorio Nacional Superior de M\u00fasica (Ciclo Superior), ambas con estructuras administrativas independientes.<\/p>\n\n\n\n<p>A partir de la Ley N \u00ba 24.049 , sancionada el 6 de diciembre de 1991 y promulgada el 2 de enero de 1992, se transfiri\u00f3 el Ciclo Medio de dicho Conservatorio a la Municipalidad de la Ciudad de Buenos Aires y se design\u00f3 al Prof. N\u00e9stor Schmidt como m\u00e1xima autoridad del nuevo establecimiento, quien asumi\u00f3 la responsabilidad de conducir el proceso de refundaci\u00f3n institucional. El Ciclo Superior de la Instituci\u00f3n permaneci\u00f3 en la \u00f3rbita del Ministerio Nacional de Cultura y Educaci\u00f3n.<\/p>\n\n\n\n<p>Por Resoluci\u00f3n N\u00ba 2305-SED\/SC\/95 se dispuso que el Ciclo Medio transferido sea asignado a la Direcci\u00f3n General de Ense\u00f1anza Art\u00edstica, dependiente de la Subsecretar\u00eda de Gesti\u00f3n e Industrias Culturales de la Secretaria de Cultura del Gobierno de la Ciudad de Buenos Aires.<\/p>\n\n\n\n<p>En tanto, el Congreso Nacional sancion\u00f3 el 20 de julio de 1995 la Ley de Educaci\u00f3n Superior N\u00ba 24.521. La falta de un nombre propio dificultaba la identificaci\u00f3n del nuevo establecimiento educativo, raz\u00f3n por la cual, por Disposici\u00f3n N\u00ba 15-DGEART-98, en marzo de 1998 pas\u00f3 a denominarse \u00abConservatorio de M\u00fasica de la Ciudad de Buenos Aires\u00bb (en adelante CMCBA).<\/p>\n\n\n\n<p>EL 14 de marzo de 2000 el Jefe de Gobierno de la Ciudad Aut\u00f3noma de Buenos Aires por Decreto N\u00ba 315\/00 estableci\u00f3 la conversi\u00f3n del CMCBA en un Instituto Superior no Universitario de ense\u00f1anza musical.<\/p>\n\n\n\n<p>Sin embargo, si bien el Decreto 315\/00 lo identificaba como Instituto Superior No Universitario, la estructura acad\u00e9mica del Conservatorio continuaba correspondiendo al Nivel Medio de la ense\u00f1anza de la m\u00fasica. Fue necesario, entonces, dotar a los servicios transferidos de una nueva estructura institucional, tanto acad\u00e9mica como de gesti\u00f3n, como as\u00ed tambi\u00e9n de una curr\u00edcula con perfil espec\u00edfico, acorde con la excelencia que requiere un Conservatorio de M\u00fasica de la Ciudad de Buenos Aires. El nuevo plan de estudios fue aprobado por el Decreto N\u00ba 443\/GCABA\/2002.<\/p>\n\n\n\n<p>La comunidad educativa eligi\u00f3 democr\u00e1ticamente al maestro \u00c1stor Piazzolla como patrono de la instituci\u00f3n, la que a partir de la Ley N\u00ba 2.357 de la Legislatura del Gobierno de la Ciudad de Buenos Aires, promulgada por Decreto N\u00ba 971, BO N\u00ba 2727, se denomina Conservatorio Superior de M\u00fasica de la Ciudad de Buenos Aires \u201c\u00c1stor Piazzolla\u201d.<\/p>\n\n\n\n<p>Este Conservatorio constituye un espacio renovador donde confluyen la tradici\u00f3n del patrimonio cultural y la transformaci\u00f3n y puesta al d\u00eda de las diferentes orientaciones musicales, poniendo especial \u00e9nfasis en el aprendizaje de la m\u00fasica contempor\u00e1nea, sus est\u00e9ticas y sus nuevos recursos sonoros. Su principal objetivo es la formaci\u00f3n art\u00edstica y cient\u00edfica de m\u00fasicos profesionales y docentes que posean una visi\u00f3n integral, profunda y creadora, cr\u00edtica y reflexiva sobre el campo de la m\u00fasica en su totalidad, atento a los procesos de transformaci\u00f3n del lenguaje y desarrollo tecnol\u00f3gico.<\/p>\n","protected":false},"excerpt":{"rendered":"<p>El origen del \u00abConservatorio de M\u00fasica de la Ciudad de Buenos Aires\u00bb se remonta a 1989, cuando el Ministerio de Educaci\u00f3n y Justicia dict\u00f3 la Resoluci\u00f3n N \u00ba 643\/89 por la que se dispuso dividir el Conservatorio Nacional de M\u00fasica \u201cCarlos L\u00f3pez Buchardo\u201d en dos establecimientos: la Escuela Nacional de M\u00fasica (Ciclo Medio) y el &#8230; <a title=\"Historia\" class=\"read-more\" href=\"https:\/\/cmbsas-caba.infd.edu.ar\/sitio\/institucional\/historia\/\" aria-label=\"More on Historia\">[+]<\/a><\/p>\n","protected":false},"author":71,"featured_media":0,"parent":4864,"menu_order":0,"comment_status":"closed","ping_status":"closed","template":"","meta":[],"acf":[],"_links":{"self":[{"href":"https:\/\/cmbsas-caba.infd.edu.ar\/sitio\/wp-json\/wp\/v2\/pages\/1503"}],"collection":[{"href":"https:\/\/cmbsas-caba.infd.edu.ar\/sitio\/wp-json\/wp\/v2\/pages"}],"about":[{"href":"https:\/\/cmbsas-caba.infd.edu.ar\/sitio\/wp-json\/wp\/v2\/types\/page"}],"author":[{"embeddable":true,"href":"https:\/\/cmbsas-caba.infd.edu.ar\/sitio\/wp-json\/wp\/v2\/users\/71"}],"replies":[{"embeddable":true,"href":"https:\/\/cmbsas-caba.infd.edu.ar\/sitio\/wp-json\/wp\/v2\/comments?post=1503"}],"version-history":[{"count":2,"href":"https:\/\/cmbsas-caba.infd.edu.ar\/sitio\/wp-json\/wp\/v2\/pages\/1503\/revisions"}],"predecessor-version":[{"id":4800,"href":"https:\/\/cmbsas-caba.infd.edu.ar\/sitio\/wp-json\/wp\/v2\/pages\/1503\/revisions\/4800"}],"up":[{"embeddable":true,"href":"https:\/\/cmbsas-caba.infd.edu.ar\/sitio\/wp-json\/wp\/v2\/pages\/4864"}],"wp:attachment":[{"href":"https:\/\/cmbsas-caba.infd.edu.ar\/sitio\/wp-json\/wp\/v2\/media?parent=1503"}],"curies":[{"name":"wp","href":"https:\/\/api.w.org\/{rel}","templated":true}]}}