{"id":1858,"date":"2020-05-30T17:46:30","date_gmt":"2020-05-30T20:46:30","guid":{"rendered":"https:\/\/cmbsas-caba.infd.edu.ar\/sitio\/?page_id=1858"},"modified":"2024-02-17T14:56:07","modified_gmt":"2024-02-17T17:56:07","slug":"ubicacion-2","status":"publish","type":"page","link":"https:\/\/cmbsas-caba.infd.edu.ar\/sitio\/institucional\/ubicacion-2\/","title":{"rendered":"Ubicaci\u00f3n"},"content":{"rendered":"<h4>Direcci\u00f3n<\/h4>\n<p><iframe loading=\"lazy\" style=\"border: 0;\" tabindex=\"0\" src=\"https:\/\/www.google.com\/maps\/embed?pb=!1m18!1m12!1m3!1d3283.9296553259105!2d-58.41588968519503!3d-34.60594026512191!2m3!1f0!2f0!3f0!3m2!1i1024!2i768!4f13.1!3m3!1m2!1s0x95bcca8b30699c71%3A0x97be0b5ae646af2d!2sConservatorio%20Superior%20de%20M%C3%BAsica%20%22%C3%81stor%20Piazzolla%22!5e0!3m2!1ses-419!2sar!4v1590932190882!5m2!1ses-419!2sar\" width=\"400\" height=\"300\" frameborder=\"0\" allowfullscreen=\"allowfullscreen\" aria-hidden=\"false\"><\/iframe><\/p>\n<blockquote><p><strong>Sarmiento 3401 \u2013 Ciudad de Buenos Aires\u00a0<\/strong><\/p><\/blockquote>\n<h4>Como llegar<\/h4>\n<p><strong>Colectivos:<\/strong>\u00a0\u00a02, 5, 7, 8, 19, 24, 32, 41, 56, 61, 62, 64, 68, 71, 75, 86, 88, 90, 92, 98, 101, 103, 104, 105, 115, 118, 129, 132, 146, 151, 165, 168, 188 y 194<\/p>\n<p><strong>Subte:<\/strong> L\u00ednea B (Estaci\u00f3n Carlos Gardel), Linea A (Estaci\u00f3n Once)<\/p>\n<p><strong>Tren:<\/strong> Sarmiento (Estaci\u00f3n Once)<\/p>\n","protected":false},"excerpt":{"rendered":"<p>Direcci\u00f3n Sarmiento 3401 \u2013 Ciudad de Buenos Aires\u00a0 Como llegar Colectivos:\u00a0\u00a02, 5, 7, 8, 19, 24, 32, 41, 56, 61, 62, 64, 68, 71, 75, 86, 88, 90, 92, 98, 101, 103, 104, 105, 115, 118, 129, 132, 146, 151, 165, 168, 188 y 194 Subte: L\u00ednea B (Estaci\u00f3n Carlos Gardel), Linea A (Estaci\u00f3n Once) &#8230; <a title=\"Ubicaci\u00f3n\" class=\"read-more\" href=\"https:\/\/cmbsas-caba.infd.edu.ar\/sitio\/institucional\/ubicacion-2\/\" aria-label=\"More on Ubicaci\u00f3n\">[+]<\/a><\/p>\n","protected":false},"author":309,"featured_media":0,"parent":4864,"menu_order":0,"comment_status":"closed","ping_status":"closed","template":"","meta":[],"acf":[],"_links":{"self":[{"href":"https:\/\/cmbsas-caba.infd.edu.ar\/sitio\/wp-json\/wp\/v2\/pages\/1858"}],"collection":[{"href":"https:\/\/cmbsas-caba.infd.edu.ar\/sitio\/wp-json\/wp\/v2\/pages"}],"about":[{"href":"https:\/\/cmbsas-caba.infd.edu.ar\/sitio\/wp-json\/wp\/v2\/types\/page"}],"author":[{"embeddable":true,"href":"https:\/\/cmbsas-caba.infd.edu.ar\/sitio\/wp-json\/wp\/v2\/users\/309"}],"replies":[{"embeddable":true,"href":"https:\/\/cmbsas-caba.infd.edu.ar\/sitio\/wp-json\/wp\/v2\/comments?post=1858"}],"version-history":[{"count":7,"href":"https:\/\/cmbsas-caba.infd.edu.ar\/sitio\/wp-json\/wp\/v2\/pages\/1858\/revisions"}],"predecessor-version":[{"id":4883,"href":"https:\/\/cmbsas-caba.infd.edu.ar\/sitio\/wp-json\/wp\/v2\/pages\/1858\/revisions\/4883"}],"up":[{"embeddable":true,"href":"https:\/\/cmbsas-caba.infd.edu.ar\/sitio\/wp-json\/wp\/v2\/pages\/4864"}],"wp:attachment":[{"href":"https:\/\/cmbsas-caba.infd.edu.ar\/sitio\/wp-json\/wp\/v2\/media?parent=1858"}],"curies":[{"name":"wp","href":"https:\/\/api.w.org\/{rel}","templated":true}]}}