{"id":1940,"date":"2020-05-31T10:23:38","date_gmt":"2020-05-31T13:23:38","guid":{"rendered":"https:\/\/cmbsas-caba.infd.edu.ar\/sitio\/?page_id=1940"},"modified":"2024-02-20T19:16:23","modified_gmt":"2024-02-20T22:16:23","slug":"atemporanea","status":"publish","type":"page","link":"https:\/\/cmbsas-caba.infd.edu.ar\/sitio\/extension\/festivales\/atemporanea\/","title":{"rendered":"Atempor\u00e1nea"},"content":{"rendered":"<h4>Atempor\u00e1nea<\/h4>\n<p><strong>El Festival<\/strong><br>Atempor\u00e1nea surge para centralizar la producci\u00f3n e interpretaci\u00f3n de la m\u00fasica actual con apertura a m\u00fasicos, compositores, investigadores y especialistas en pedagog\u00eda de todo el pa\u00eds y del exterior. El Festival se proyecta para favorecer la creaci\u00f3n, audici\u00f3n y difusi\u00f3n de las m\u00faltiples tendencias art\u00edsticas. As\u00ed tambi\u00e9n se origina para promover las nuevas producciones de las diversas especialidades musicales y del arte sonoro e interactuar con int\u00e9rpretes, compositores, pedagogos e investigadores.<\/p>\n<p>La convocatoria a la presentaci\u00f3n de trabajos tiene como objetivos promover internacionalmente la pluralidad de este\u0301ticas y manifestaciones de la mu\u0301sica contempora\u0301nea acu\u0301stica, electroacu\u0301stica, mixta e interdisciplinaria a trave\u0301s de actividades como conciertos, conferencias, mesas redondas, talleres e instalaciones. Tiene como misi\u00f3n difundir la actividad musical Institucional en el marco de un Festival, que fomente la educaci\u00f3n y actualizaci\u00f3n a trav\u00e9s de la interaccio\u0301n con artistas profesionales y nuevas generaciones del \u00e1mbito nacional e internacional. Dicha apertura es un impulso para extender la imagen del Conservatorio, a trav\u00e9s de los diversos profesorados superiores que lo conforman, a lo largo de nuestro pa\u00eds y del exterior.<\/p>\n<p><strong>\u00bfCu\u00e1ndo?<\/strong><br>De 14 al 20 de Septiembre de 2023<\/p>\n<p><strong>\u00bfD\u00f3nde?<\/strong><br>Las actividades se llevar\u00e1n a cabo en el Conservatorio \u00abAstor Piazzolla\u00bb<\/p>\n<p><strong>Programa<\/strong><br><a href=\"https:\/\/cmbsas-caba.infd.edu.ar\/sitio\/wp-content\/uploads\/2023\/09\/Programa_Digital_Schedule_Atempora\u0301nea_2023-1.pdf\"><strong>Atempor\u00e1nea \u2013 IV Festival Internacional de M\u00fasica Contempor\u00e1nea&nbsp;<\/strong><\/a><\/p>\n<p><strong>Contacto:<\/strong><br><a href=\"mailto:conservatorio_piazzolla@buenosaires.gob.ar\">conservatorio_piazzolla@buenosaires.gob.ar<\/a><\/p>\n<hr>\n<h2>Actas de Atempora\u0301nea 2023<\/h2>\n<p><strong>IV Festival Internacional de Mu\u0301sica Contempora\u0301nea del Conservatorio Superior de Mu\u0301sica&nbsp;\u201cA\u0301stor Piazzolla\u201d<\/strong><\/p>\n<p><strong>Buenos Aires, Argentina, 14 al 20 de septiembre de 2023&nbsp;<\/strong><\/p>\n<p><b>Edicio\u0301n N\u00b0 3 An\u0303o 2023 &#8211; ISSN 2796-9347&nbsp;Conservatorio Superior de Mu\u0301sica \u201cAstor Piazzolla\u201d&nbsp;Sarmiento 3401 &#8211; C1196AAM Buenos Aires E-mail:&nbsp;<a id=\"LPlnk418147\" href=\"mailto:extension_piazzolla@buenosaires.gob.ar\" data-linkindex=\"0\">extension_piazzolla@buenosaires.gob.ar<\/a>&nbsp;<\/b><\/p>\n<h3><strong><a tabindex=\"-1\" href=\"https:\/\/cmbsas-caba.infd.edu.ar\/sitio\/wp-content\/uploads\/2023\/12\/Actas-de-Atempora\u0301nea-2023.pdf\" target=\"_blank\" rel=\"noopener\">Ver ponencias<\/a><\/strong><\/h3>\n\n\n<p><\/p>\n","protected":false},"excerpt":{"rendered":"<p>Atempor\u00e1nea El FestivalAtempor\u00e1nea surge para centralizar la producci\u00f3n e interpretaci\u00f3n de la m\u00fasica actual con apertura a m\u00fasicos, compositores, investigadores y especialistas en pedagog\u00eda de todo el pa\u00eds y del exterior. El Festival se proyecta para favorecer la creaci\u00f3n, audici\u00f3n y difusi\u00f3n de las m\u00faltiples tendencias art\u00edsticas. As\u00ed tambi\u00e9n se origina para promover las nuevas &#8230; <a title=\"Atempor\u00e1nea\" class=\"read-more\" href=\"https:\/\/cmbsas-caba.infd.edu.ar\/sitio\/extension\/festivales\/atemporanea\/\" aria-label=\"More on Atempor\u00e1nea\">[+]<\/a><\/p>\n","protected":false},"author":309,"featured_media":0,"parent":1797,"menu_order":0,"comment_status":"closed","ping_status":"closed","template":"","meta":[],"acf":[],"_links":{"self":[{"href":"https:\/\/cmbsas-caba.infd.edu.ar\/sitio\/wp-json\/wp\/v2\/pages\/1940"}],"collection":[{"href":"https:\/\/cmbsas-caba.infd.edu.ar\/sitio\/wp-json\/wp\/v2\/pages"}],"about":[{"href":"https:\/\/cmbsas-caba.infd.edu.ar\/sitio\/wp-json\/wp\/v2\/types\/page"}],"author":[{"embeddable":true,"href":"https:\/\/cmbsas-caba.infd.edu.ar\/sitio\/wp-json\/wp\/v2\/users\/309"}],"replies":[{"embeddable":true,"href":"https:\/\/cmbsas-caba.infd.edu.ar\/sitio\/wp-json\/wp\/v2\/comments?post=1940"}],"version-history":[{"count":8,"href":"https:\/\/cmbsas-caba.infd.edu.ar\/sitio\/wp-json\/wp\/v2\/pages\/1940\/revisions"}],"predecessor-version":[{"id":4944,"href":"https:\/\/cmbsas-caba.infd.edu.ar\/sitio\/wp-json\/wp\/v2\/pages\/1940\/revisions\/4944"}],"up":[{"embeddable":true,"href":"https:\/\/cmbsas-caba.infd.edu.ar\/sitio\/wp-json\/wp\/v2\/pages\/1797"}],"wp:attachment":[{"href":"https:\/\/cmbsas-caba.infd.edu.ar\/sitio\/wp-json\/wp\/v2\/media?parent=1940"}],"curies":[{"name":"wp","href":"https:\/\/api.w.org\/{rel}","templated":true}]}}