{"id":1956,"date":"2020-05-31T10:55:29","date_gmt":"2020-05-31T13:55:29","guid":{"rendered":"https:\/\/cmbsas-caba.infd.edu.ar\/sitio\/?page_id=1956"},"modified":"2024-02-20T19:14:28","modified_gmt":"2024-02-20T22:14:28","slug":"ensamble-de-percusion","status":"publish","type":"page","link":"https:\/\/cmbsas-caba.infd.edu.ar\/sitio\/extension\/ensambles-del-piazzolla\/ensamble-de-percusion\/","title":{"rendered":"Ensamble de Percusi\u00f3n"},"content":{"rendered":"<h4>Dir. Marina Calzado Linage<\/h4>\n<p><strong>INCRIPCI\u00d3N COMPLETANDO EL&nbsp;<a href=\"https:\/\/conservatoriopiazzolla.ar\/\" target=\"_blank\" rel=\"noreferrer noopener\" data-type=\"URL\" data-id=\"https:\/\/conservatoriopiazzolla.ar\/\">SIGUIENTE FORMULARIO<\/a><\/strong><\/p>\n<p>Dudas: extension_piazzolla@buenosaires.gob.ar<\/p>\n<p><img decoding=\"async\" loading=\"lazy\" class=\"alignnone size-full wp-image-2035\" src=\"https:\/\/cmbsas-caba.infd.edu.ar\/sitio\/wp-content\/uploads\/2020\/06\/65187584_2369694986422337_7640490474460938240_o.jpg\" alt=\"\" width=\"960\" height=\"640\" srcset=\"https:\/\/cmbsas-caba.infd.edu.ar\/sitio\/wp-content\/uploads\/2020\/06\/65187584_2369694986422337_7640490474460938240_o.jpg 960w, https:\/\/cmbsas-caba.infd.edu.ar\/sitio\/wp-content\/uploads\/2020\/06\/65187584_2369694986422337_7640490474460938240_o-768x512.jpg 768w\" sizes=\"(max-width: 960px) 100vw, 960px\" \/><\/p>\n<p>Creado en el 2003 a propuesta de su directora Marina Calzado Linage. Est\u00e1 integrado por alumnos de todos los niveles del Conservatorio de M\u00fasica de la Ciudad de Buenos Aires \u201cAstor Piazzolla\u201d constituyendo un espacio de formaci\u00f3n profesional de estos j\u00f3venes percusionistas. Ha contado con la participaci\u00f3n como directores invitados de Fabi\u00e1n Bermann, Lucio Bruno Videla, Dar\u00edo Ingignoli, Hernan S\u00e1nchez Arteaga, Alfredo Corral, Gustavo Codina, Carlos Calleja, Diego Lurbe, Miguel Pesce , Camilo Santoestefano , Cesar Bustamante y Salvatore Caputo.<br \/>\nSe ha presentado en prestigiosas salas de nuestra ciudad: Teatro Col\u00f3n, Biblioteca Nacional, Legislatura de Buenos Aires, Colegio Nacional de Buenos Aires, Facultad de Derecho UBA, Centro Nacional de M\u00fasica, Facultad de Medicina UBA, Teatro 25 de mayo, Usina del Arte, CCK y Teatro Gran Rex, entre otras.<br \/>\nParticip\u00f3 del Dia de la Percusi\u00f3n organizado por Percusive Art Society, del 1\u00ba Encuentro de Percusi\u00f3n -UNLA, del 1\u00ba, 2\u00ba, 3\u00ba , 4\u00ba y 5 \u00ba Encuentro Internacional de Ensambles de Percusi\u00f3n del Conservatorio \u201cAstor Piazzolla\u201d, del X Festival de Percusi\u00f3n \u201cArte a Palos\u201d, de la Noche de los Museos de la Ciudad De Bs As- 2010 2013 , 2014 y 2016 . Asimismo se ha presentado en el Ciclo de \u201cConciertos del Mediod\u00eda \u201cdel Mozarteum Argentino junto con la Agrupaci\u00f3n Coral Lag\u00fan Onak interpretando Carmina Burana de Carl Orff y en el estreno argentino de The Desert Music de Steve Reich junto a la agrupaci\u00f3n coral Musica Quantica bajo la direcci\u00f3n de Camilo Santoestefano.Ha participado de CD de la opera argentina\u201cChasca\u201d de Enrique Mario Casella , sello Tradicion. Particip\u00f3 del estreno latinoamericano de la \u00f3pera \u201cPulgarcito \u201cde H. Henze junto al Coro de Ni\u00f1os del Teatro Col\u00f3n bajo la direcci\u00f3n de Cesar Bustamante.<\/p>\n<h4><a href=\"https:\/\/www.facebook.com\/ensamblepiazzolla\/\">Facebook<\/a><\/h4>\n<h4><a href=\"https:\/\/www.youtube.com\/watch?v=Fjwdt__VH10&amp;list=PLgLCKDm2kQgQHcFdYVZioNj2GyBz1gaIg&amp;ab_channel=ConservatoriodeM%C3%BAsicaAstorPiazzolla\">Youtube<\/a><\/h4>\n","protected":false},"excerpt":{"rendered":"<p>Dir. Marina Calzado Linage INCRIPCI\u00d3N COMPLETANDO EL&nbsp;SIGUIENTE FORMULARIO Dudas: extension_piazzolla@buenosaires.gob.ar Creado en el 2003 a propuesta de su directora Marina Calzado Linage. Est\u00e1 integrado por alumnos de todos los niveles del Conservatorio de M\u00fasica de la Ciudad de Buenos Aires \u201cAstor Piazzolla\u201d constituyendo un espacio de formaci\u00f3n profesional de estos j\u00f3venes percusionistas. Ha contado con &#8230; <a title=\"Ensamble de Percusi\u00f3n\" class=\"read-more\" href=\"https:\/\/cmbsas-caba.infd.edu.ar\/sitio\/extension\/ensambles-del-piazzolla\/ensamble-de-percusion\/\" aria-label=\"More on Ensamble de Percusi\u00f3n\">[+]<\/a><\/p>\n","protected":false},"author":309,"featured_media":0,"parent":1787,"menu_order":0,"comment_status":"closed","ping_status":"closed","template":"","meta":[],"acf":[],"_links":{"self":[{"href":"https:\/\/cmbsas-caba.infd.edu.ar\/sitio\/wp-json\/wp\/v2\/pages\/1956"}],"collection":[{"href":"https:\/\/cmbsas-caba.infd.edu.ar\/sitio\/wp-json\/wp\/v2\/pages"}],"about":[{"href":"https:\/\/cmbsas-caba.infd.edu.ar\/sitio\/wp-json\/wp\/v2\/types\/page"}],"author":[{"embeddable":true,"href":"https:\/\/cmbsas-caba.infd.edu.ar\/sitio\/wp-json\/wp\/v2\/users\/309"}],"replies":[{"embeddable":true,"href":"https:\/\/cmbsas-caba.infd.edu.ar\/sitio\/wp-json\/wp\/v2\/comments?post=1956"}],"version-history":[{"count":7,"href":"https:\/\/cmbsas-caba.infd.edu.ar\/sitio\/wp-json\/wp\/v2\/pages\/1956\/revisions"}],"predecessor-version":[{"id":4939,"href":"https:\/\/cmbsas-caba.infd.edu.ar\/sitio\/wp-json\/wp\/v2\/pages\/1956\/revisions\/4939"}],"up":[{"embeddable":true,"href":"https:\/\/cmbsas-caba.infd.edu.ar\/sitio\/wp-json\/wp\/v2\/pages\/1787"}],"wp:attachment":[{"href":"https:\/\/cmbsas-caba.infd.edu.ar\/sitio\/wp-json\/wp\/v2\/media?parent=1956"}],"curies":[{"name":"wp","href":"https:\/\/api.w.org\/{rel}","templated":true}]}}