{"id":1966,"date":"2020-05-31T11:02:24","date_gmt":"2020-05-31T14:02:24","guid":{"rendered":"https:\/\/cmbsas-caba.infd.edu.ar\/sitio\/?page_id=1966"},"modified":"2024-02-20T19:15:08","modified_gmt":"2024-02-20T22:15:08","slug":"ensamble-mix-lab","status":"publish","type":"page","link":"https:\/\/cmbsas-caba.infd.edu.ar\/sitio\/extension\/ensambles-del-piazzolla\/ensamble-mix-lab\/","title":{"rendered":"Ensamble MIX LAB"},"content":{"rendered":"<h4><img decoding=\"async\" loading=\"lazy\" class=\"alignnone size-medium wp-image-2039\" src=\"https:\/\/cmbsas-caba.infd.edu.ar\/sitio\/wp-content\/uploads\/2020\/06\/unnamed-1000x484.png\" alt=\"\" width=\"1000\" height=\"484\" srcset=\"https:\/\/cmbsas-caba.infd.edu.ar\/sitio\/wp-content\/uploads\/2020\/06\/unnamed-1000x484.png 1000w, https:\/\/cmbsas-caba.infd.edu.ar\/sitio\/wp-content\/uploads\/2020\/06\/unnamed-768x372.png 768w, https:\/\/cmbsas-caba.infd.edu.ar\/sitio\/wp-content\/uploads\/2020\/06\/unnamed.png 1280w\" sizes=\"(max-width: 1000px) 100vw, 1000px\" \/><\/h4>\n<h4>Dir.&nbsp;Lautaro Vieyra y Mat\u00edas Giuliani<\/h4>\n<p>MIX LAB es el Ensamble del Profesorado en Composici\u00f3n con Medios Mixtos del Conservatorio Astor Piazzolla, codirigido por los Prof. Lautaro Vieyra y Mat\u00edas Giuliani, y abierto a los alumnos de las 4 c\u00e1tedras de composici\u00f3n y a los int\u00e9rpretes del Conservatorio. A diferencia de los ensambles estables tradicionales, el MIX Lab funciona con un sistema de \u00abResidencias\u00bb En cada encuentro se convoca a distintos alumnos y docentes de la instituci\u00f3n a participar de las propuestas de los alumnos de composici\u00f3n, quienes elaboran ejercicios espec\u00edficamente para cada residencia, resultando un espacio de laboratorio en donde complementariamente a las clases de composici\u00f3n, los estudiantes prueban dispositivos tecnol\u00f3gicos\/art\u00edsticos y acceden a la posibilidad de escuchar la materializaci\u00f3n de sus ideas en progreso.<\/p>\n<p class=\"has-text-align-center\"><strong>INCRIPCI\u00d3N COMPLETANDO EL&nbsp;<a href=\"https:\/\/conservatoriopiazzolla.ar\/\" target=\"_blank\" rel=\"noreferrer noopener\" data-type=\"URL\" data-id=\"https:\/\/conservatoriopiazzolla.ar\/\">SIGUIENTE FORMULARIO<\/a><\/strong><\/p>\n<p class=\"has-text-align-center\">Dudas: extension_piazzolla@buenosaires.gob.ar<\/p>\n<h4><a href=\"https:\/\/sites.google.com\/view\/mix-lab-ensamble\/home\">Web<\/a><\/h4>\n<h4><a href=\"https:\/\/www.youtube.com\/watch?v=PitBiusTsGY&amp;list=PLgLCKDm2kQgQx4-tdn4U0khn5HKWa-iw-&amp;ab_channel=ConservatoriodeM%C3%BAsicaAstorPiazzolla\">Youtube<\/a><\/h4>\n","protected":false},"excerpt":{"rendered":"<p>Dir.&nbsp;Lautaro Vieyra y Mat\u00edas Giuliani MIX LAB es el Ensamble del Profesorado en Composici\u00f3n con Medios Mixtos del Conservatorio Astor Piazzolla, codirigido por los Prof. Lautaro Vieyra y Mat\u00edas Giuliani, y abierto a los alumnos de las 4 c\u00e1tedras de composici\u00f3n y a los int\u00e9rpretes del Conservatorio. A diferencia de los ensambles estables tradicionales, el &#8230; <a title=\"Ensamble MIX LAB\" class=\"read-more\" href=\"https:\/\/cmbsas-caba.infd.edu.ar\/sitio\/extension\/ensambles-del-piazzolla\/ensamble-mix-lab\/\" aria-label=\"More on Ensamble MIX LAB\">[+]<\/a><\/p>\n","protected":false},"author":309,"featured_media":0,"parent":1787,"menu_order":0,"comment_status":"closed","ping_status":"closed","template":"","meta":[],"acf":[],"_links":{"self":[{"href":"https:\/\/cmbsas-caba.infd.edu.ar\/sitio\/wp-json\/wp\/v2\/pages\/1966"}],"collection":[{"href":"https:\/\/cmbsas-caba.infd.edu.ar\/sitio\/wp-json\/wp\/v2\/pages"}],"about":[{"href":"https:\/\/cmbsas-caba.infd.edu.ar\/sitio\/wp-json\/wp\/v2\/types\/page"}],"author":[{"embeddable":true,"href":"https:\/\/cmbsas-caba.infd.edu.ar\/sitio\/wp-json\/wp\/v2\/users\/309"}],"replies":[{"embeddable":true,"href":"https:\/\/cmbsas-caba.infd.edu.ar\/sitio\/wp-json\/wp\/v2\/comments?post=1966"}],"version-history":[{"count":5,"href":"https:\/\/cmbsas-caba.infd.edu.ar\/sitio\/wp-json\/wp\/v2\/pages\/1966\/revisions"}],"predecessor-version":[{"id":4941,"href":"https:\/\/cmbsas-caba.infd.edu.ar\/sitio\/wp-json\/wp\/v2\/pages\/1966\/revisions\/4941"}],"up":[{"embeddable":true,"href":"https:\/\/cmbsas-caba.infd.edu.ar\/sitio\/wp-json\/wp\/v2\/pages\/1787"}],"wp:attachment":[{"href":"https:\/\/cmbsas-caba.infd.edu.ar\/sitio\/wp-json\/wp\/v2\/media?parent=1966"}],"curies":[{"name":"wp","href":"https:\/\/api.w.org\/{rel}","templated":true}]}}