{"id":2049,"date":"2020-06-08T14:11:15","date_gmt":"2020-06-08T17:11:15","guid":{"rendered":"https:\/\/cmbsas-caba.infd.edu.ar\/sitio\/?page_id=2049"},"modified":"2020-06-08T14:13:04","modified_gmt":"2020-06-08T17:13:04","slug":"profesorado-superior-en-composicion-con-medios-mixtos","status":"publish","type":"page","link":"https:\/\/cmbsas-caba.infd.edu.ar\/sitio\/profesorado-superior-en-composicion-con-medios-mixtos\/","title":{"rendered":"Profesorado Superior en Composici\u00f3n con Medios Mixtos"},"content":{"rendered":"<p id=\"m_-8050881959525725390m_3348387746409748124gmail-h.p_jzpubzF94Deo\">El\u00a0<strong>Profesorado Superior en Composici\u00f3n con Medios Mixtos del Conservatorio Astor Piazzolla<\/strong>\u00a0presenta, desde su plan de estudios, una respuesta y actualizaci\u00f3n en cuanto a la evoluci\u00f3n y el estudio de la m\u00fasica acad\u00e9mica contempor\u00e1nea.<\/p>\n<p id=\"m_-8050881959525725390m_3348387746409748124gmail-h.p_IxtLN1bK4D1t\">A diferencia de las carreras tradicionales, generalmente focalizadas y separadas en dos grupos, aquellas que se concentran en la producci\u00f3n con instrumentos tradicionales, y aquellas que se concentran en la producci\u00f3n con medios electroac\u00fasticos; el Profesorado Superior en Composici\u00f3n con Medios Mixtos aborda ambos universos, e incluso el cruce con otros lenguajes, en los cuatro niveles de composici\u00f3n.<\/p>\n<p id=\"m_-8050881959525725390m_3348387746409748124gmail-h.p__AC0nBfj4D1u\">Es por todo esto que el nombre elegido para esta orientaci\u00f3n fue \u00abcomposici\u00f3n con medios mixtos\u00bb, expresando desde su designaci\u00f3n la determinaci\u00f3n de dejar abierta la posibilidad de incorporar nuevos medios, sean estos conocidos o a\u00fan por conocerse.<\/p>\n<p><a href=\"https:\/\/sites.google.com\/view\/mediosmixtos\/home\">+ info<\/a><\/p>\n","protected":false},"excerpt":{"rendered":"<p>El\u00a0Profesorado Superior en Composici\u00f3n con Medios Mixtos del Conservatorio Astor Piazzolla\u00a0presenta, desde su plan de estudios, una respuesta y actualizaci\u00f3n en cuanto a la evoluci\u00f3n y el estudio de la m\u00fasica acad\u00e9mica contempor\u00e1nea. A diferencia de las carreras tradicionales, generalmente focalizadas y separadas en dos grupos, aquellas que se concentran en la producci\u00f3n con instrumentos &#8230; <a title=\"Profesorado Superior en Composici\u00f3n con Medios Mixtos\" class=\"read-more\" href=\"https:\/\/cmbsas-caba.infd.edu.ar\/sitio\/profesorado-superior-en-composicion-con-medios-mixtos\/\" aria-label=\"More on Profesorado Superior en Composici\u00f3n con Medios Mixtos\">[+]<\/a><\/p>\n","protected":false},"author":309,"featured_media":0,"parent":0,"menu_order":0,"comment_status":"closed","ping_status":"closed","template":"","meta":[],"acf":[],"_links":{"self":[{"href":"https:\/\/cmbsas-caba.infd.edu.ar\/sitio\/wp-json\/wp\/v2\/pages\/2049"}],"collection":[{"href":"https:\/\/cmbsas-caba.infd.edu.ar\/sitio\/wp-json\/wp\/v2\/pages"}],"about":[{"href":"https:\/\/cmbsas-caba.infd.edu.ar\/sitio\/wp-json\/wp\/v2\/types\/page"}],"author":[{"embeddable":true,"href":"https:\/\/cmbsas-caba.infd.edu.ar\/sitio\/wp-json\/wp\/v2\/users\/309"}],"replies":[{"embeddable":true,"href":"https:\/\/cmbsas-caba.infd.edu.ar\/sitio\/wp-json\/wp\/v2\/comments?post=2049"}],"version-history":[{"count":1,"href":"https:\/\/cmbsas-caba.infd.edu.ar\/sitio\/wp-json\/wp\/v2\/pages\/2049\/revisions"}],"predecessor-version":[{"id":2050,"href":"https:\/\/cmbsas-caba.infd.edu.ar\/sitio\/wp-json\/wp\/v2\/pages\/2049\/revisions\/2050"}],"wp:attachment":[{"href":"https:\/\/cmbsas-caba.infd.edu.ar\/sitio\/wp-json\/wp\/v2\/media?parent=2049"}],"curies":[{"name":"wp","href":"https:\/\/api.w.org\/{rel}","templated":true}]}}