{"id":2374,"date":"2020-10-20T15:09:17","date_gmt":"2020-10-20T18:09:17","guid":{"rendered":"https:\/\/cmbsas-caba.infd.edu.ar\/sitio\/?page_id=2374"},"modified":"2020-10-24T14:38:32","modified_gmt":"2020-10-24T17:38:32","slug":"27-10","status":"publish","type":"page","link":"https:\/\/cmbsas-caba.infd.edu.ar\/sitio\/27-10\/","title":{"rendered":"27-10"},"content":{"rendered":"<h3>12h<\/h3>\n<h3>Marina Calzado Linage por Pauline Roberts y Mailen Eliges<\/h3>\n<p><img decoding=\"async\" loading=\"lazy\" class=\"alignnone size-thumbnail wp-image-2261\" src=\"https:\/\/cmbsas-caba.infd.edu.ar\/sitio\/wp-content\/uploads\/2020\/09\/Marina-Calzado-e1599145719753-500x500.jpg\" alt=\"\" width=\"500\" height=\"500\" \/><\/p>\n<p>Licenciada en M\u00fasica con orientaci\u00f3n en Percusi\u00f3n -U.N.A., Profesora Superior en Percusi\u00f3n y Nacional en Piano del \u201c Conservatorio Carlos Lopez Buchardo\u201d y Contadora P\u00fablica \u2013 U.B.A . Se perfeccion\u00f3 en el Exterior con prestigiosos maestros en Brasil y E.E.U.U., becada por el Estado de San Pablo (Brasil), Fundaci\u00f3n Antorchas y Presidencia de la Naci\u00f3n quien le otorg\u00f3 la Beca Especial a la Excelencia Cultural. Directora de los Ensambles de Percusi\u00f3n de la Universidad Nacional de las Artes (DAMus) y de los Conservatorios\u201d Astor Piazzolla\u201d de la Ciudad de Buenos Aires y \u201cJuan Jose Castro\u201d . Docente de las C\u00e1tedras de Percusi\u00f3n en las mencionadas instituciones y de \u201cPercusi\u00f3n para compositores y directores\u201d (DAMus) Se desempe\u00f1a como Vicedirectora del Conservatorio de Musica de la Ciudad de Buenos Aires \u201c Astor Piazzolla\u201d, cargo obtenido por concurso de oposici\u00f3n y antecedentes. En calidad de solista se ha presentado acompa\u00f1ada por la Orquesta Sinf\u00f3nica de Entre Rios , Orquesta Sinf\u00f3nica de la Radio y Televisi\u00f3n P\u00fablica, Orquesta Sinf\u00f3nica de Olavarria, Orquesta Sinfonica Baires, Acad\u00e9mica del Teatro Col\u00f3n, de la Facultad de Medicina , FM 100.3, Percusionistas de Buenos Aires, entre otras, bajo la direcci\u00f3n de los maestros Mario Benzecry, Diego Lurbe, Alfredo Corral , Dar\u00edo Ingignoli, Roberto Luvini, Andr\u00e9s Tolcahir, Gabriel Senanes y Duilio Dobrin entre otros. Como interprete se ha presentado en las principales salas de nuestro pa\u00eds: Teatro Col\u00f3n, Teatro Cervantes, Teatro San Martin, Auditorio San Juan , Circulo de Rosario, Teatro Gran Rex, Usina del Arte, entre otros . Ha integrado las Orquestas Filarm\u00f3nica de Buenos Aires , Estable del Teatro Col\u00f3n y Sinf\u00f3nica de la Radio y Televisi\u00f3n P\u00fablica. En el exterior ha realizado presentaciones en Brasil y EEUU. Sus participaciones en trabajos discogr\u00e1ficos incluyen entre otros , su CD solista \u201cMarimba de Buenos Aires\u201d y su participaci\u00f3n en los CD \u201cBuenos Aires-Viena\u201d y \u201cChasca\u201d (Tradition) , \u201cLa marimba en Argentina\u201d de Angel Frette, Homenaje a Roque De Pedro (UNA), Mixturas ( Orquesta de Tango UNA) y Carlos Gardel Original (Leonardo Pastore) Directora art\u00edstica y productora general del \u201c Encuentro de Ensambles de Percusi\u00f3n Buenos Aires\u201d desde 2011 a la fecha donde han participado innumerables solistas y ensambles de percusi\u00f3n del pa\u00eds y el exterior. Actualmente produce y conduce el programa radial \u201c Con bombos y platillos\u201d en Radio Clasica Nacional FM 97.6.<\/p>\n<h3>14h<\/h3>\n<h3>Sebasti\u00e1n Hoyos<\/h3>\n<p><img decoding=\"async\" loading=\"lazy\" class=\"alignnone size-thumbnail wp-image-2406\" src=\"https:\/\/cmbsas-caba.infd.edu.ar\/sitio\/wp-content\/uploads\/2020\/10\/hoyos-baja-500x500.png\" alt=\"\" width=\"500\" height=\"500\" \/><\/p>\n<p>Nacido en Salta, Republica Argentina. Este percusionista, baterista compositor a estudiado en la Escuela de Musica popular de Avellaneda donde se recibi\u00f3 de instrumentista en especializaci\u00f3n en jazz, tambi\u00e9n estudio con grandes maestros de Argentina y Estados Unidos, como John Wooton, Jeff Queen, Rick Latham, Elias heguer y Tristan Taboada. Es fundador y director del grupo Tambores Argentinos, actualmente en actividad realizando presentaciones, y cl\u00ednicas, donde se destacan el summer druming 2013, en Mississippi y festivales varios realizados en Argentina, como Patagonia, festival bateristica y encuentros de ensambles del conservatorio Astor Piazzolla.<\/p>\n<h3>16h<\/h3>\n<h3>Lucho Pellegrini por\u00a0Mailen Eliges<\/h3>\n<p><img decoding=\"async\" loading=\"lazy\" class=\"alignnone size-full wp-image-2454\" src=\"https:\/\/cmbsas-caba.infd.edu.ar\/sitio\/wp-content\/uploads\/2020\/10\/Pellegrini.jpg\" alt=\"\" width=\"512\" height=\"288\" \/><\/p>\n<h3>18h &#8211; Masterclass Mariano Gomez- Folklore argentino del NOA<\/h3>\n<p><img decoding=\"async\" loading=\"lazy\" class=\"alignnone size-medium wp-image-2455\" src=\"https:\/\/cmbsas-caba.infd.edu.ar\/sitio\/wp-content\/uploads\/2020\/10\/Gomez-750x1000.jpg\" alt=\"\" width=\"750\" height=\"1000\" srcset=\"https:\/\/cmbsas-caba.infd.edu.ar\/sitio\/wp-content\/uploads\/2020\/10\/Gomez-750x1000.jpg 750w, https:\/\/cmbsas-caba.infd.edu.ar\/sitio\/wp-content\/uploads\/2020\/10\/Gomez-768x1024.jpg 768w, https:\/\/cmbsas-caba.infd.edu.ar\/sitio\/wp-content\/uploads\/2020\/10\/Gomez.jpg 960w\" sizes=\"(max-width: 750px) 100vw, 750px\" \/><\/p>\n<p>Percusionista nacido en Buenos Aires, actualmente profesor de la c\u00e1tedra de &amp;quot;Percusi\u00f3n Folklore&amp;quot; en el Conservatorio Superior Manuel de Falla (Ciudad Aut\u00f3noma de Buenos Aires,Argentina).\u00a0 Como m\u00fasico, se desempe\u00f1a desde hace m\u00e1s de 20 a\u00f1os acompa\u00f1ando a grandes artistas de\u00a0la escena local,como S\u00fana<br \/>\nRocha, M\u00f3nica Abraham, La Bruja Salgu\u00e9ro, Pocho Sosa y Mario Alvarez Quiroga; as\u00ed como a artistas internacionales, entre ellos David Bisbal, Melendi y Pepe Vazquez.\u00a0 Su formaci\u00f3n musical comenz\u00f3 en el ballet folcl\u00f3rico &amp;quot;Norte y Sur&amp;quot; a los 6 a\u00f1os, en donde tuvo sus\u00a0primeros contactos con el bombo leg\u00fcero y las danzas folkl\u00f3ricas.En sus a\u00f1os como bailar\u00edn\u00a0 obtuvo el t\u00edtulo de profesor de danzas nativas. Continu\u00f3 sus estudios en la Escuela de\u00a0M\u00fasica Juan Pedro Esnaola, y luego en el profesorado superior de m\u00fasica Manuel de Falla en\u00a0la carrera de<br \/>\nTango y Folklore.\u00a0 Actualmente forma parte del grupo musical Melial, con el cual grab\u00f3 una sinton\u00eda para Radio Nacional Folkl\u00f3rica. La misma se llam\u00f3 \u201c El aire de aqu\u00ed\u201d, y fue utilizada como cortina musical para todos sus programas. Tambi\u00e9n formaron parte del proyecto Ra\u00edz Spinetta, grabando el tema \u201c Ana no duerme\u201d. A su vez integra el \u201cJuglar duo \u201c junto a Mauro Caracotche , este duo abarca la percusi\u00f3n folkl\u00f3rica Argentina desde una mirada contempor\u00e1nea , generado sus propias composiciones y arreglos . En el a\u00f1o 2019 edit\u00f3 su libro \u201cLa percusi\u00f3n en el folklore\u00a0Argentino\u201d, regi\u00f3n centro. Actualmente se desempe\u00f1a como director del ensamble de percusi\u00f2n de folklore y tango del\u00a0 conservatorio Manuel de Falla.<\/p>\n<h3>19h &#8211; Tcha Degaa da \u2013 Percusi\u00f3n Rudimental \u2013 Dir. Nacho Pilnik<\/h3>\n<p><img decoding=\"async\" loading=\"lazy\" class=\"alignnone wp-image-2450 size-thumbnail\" src=\"https:\/\/cmbsas-caba.infd.edu.ar\/sitio\/wp-content\/uploads\/2020\/10\/Pilnik-500x500.jpg\" alt=\"\" width=\"500\" height=\"500\" \/><\/p>\n<p>Percusionista nacido en Buenos Aires, actualmente profesor de la c\u00e1tedra de &amp;quot;Percusi\u00f3n Folklore&amp;quot; en el Conservatorio Superior Manuel de Falla (Ciudad Aut\u00f3noma de Buenos Aires,Argentina).\u00a0 Como m\u00fasico, se desempe\u00f1a desde hace m\u00e1s de 20 a\u00f1os acompa\u00f1ando a grandes artistas de\u00a0la escena local,como S\u00fana Rocha, M\u00f3nica Abraham, La Bruja Salgu\u00e9ro, Pocho Sosa y Mario Alvarez Quiroga; as\u00ed como a artistas internacionales, entre ellos David Bisbal, Melendi y Pepe Vazquez.\u00a0 Su formaci\u00f3n musical comenz\u00f3 en el ballet folcl\u00f3rico &amp;quot;Norte y Sur&amp;quot; a los 6 a\u00f1os, en donde tuvo sus\u00a0primeros contactos con el bombo leg\u00fcero y las danzas folkl\u00f3ricas.En sus a\u00f1os como bailar\u00edn\u00a0 obtuvo el t\u00edtulo de profesor de danzas nativas. Continu\u00f3 sus<br \/>\nestudios en la Escuela de\u00a0M\u00fasica Juan Pedro Esnaola, y luego en el profesorado superior de m\u00fasica Manuel de Falla en\u00a0la carrera de Tango y Folklore.\u00a0 Actualmente forma parte del grupo musical Melial, con el cual grab\u00f3 una sinton\u00eda para Radio Nacional Folkl\u00f3rica. La misma se llam\u00f3 \u201c El aire de aqu\u00ed\u201d, y fue utilizada como cortina musical para todos sus programas. Tambi\u00e9n formaron parte del proyecto Ra\u00edz Spinetta, grabando el tema \u201c Ana no duerme\u201d. A su vez integra el \u201cJuglar duo \u201c junto a Mauro Caracotche , este duo abarca la percusi\u00f3n folkl\u00f3rica Argentina desde una mirada contempor\u00e1nea , generado sus propias composiciones y arreglos . En el a\u00f1o 2019 edit\u00f3 su libro \u201cLa percusi\u00f3n en el folklore\u00a0Argentino\u201d, regi\u00f3n centro. Actualmente se desempe\u00f1a como director del ensamble de percusi\u00f2n de folklore y tango del\u00a0 conservatorio Manuel de Falla.<\/p>\n","protected":false},"excerpt":{"rendered":"<p>12h Marina Calzado Linage por Pauline Roberts y Mailen Eliges Licenciada en M\u00fasica con orientaci\u00f3n en Percusi\u00f3n -U.N.A., Profesora Superior en Percusi\u00f3n y Nacional en Piano del \u201c Conservatorio Carlos Lopez Buchardo\u201d y Contadora P\u00fablica \u2013 U.B.A . Se perfeccion\u00f3 en el Exterior con prestigiosos maestros en Brasil y E.E.U.U., becada por el Estado de &#8230; <a title=\"27-10\" class=\"read-more\" href=\"https:\/\/cmbsas-caba.infd.edu.ar\/sitio\/27-10\/\" aria-label=\"More on 27-10\">[+]<\/a><\/p>\n","protected":false},"author":309,"featured_media":0,"parent":0,"menu_order":0,"comment_status":"closed","ping_status":"closed","template":"","meta":[],"acf":[],"_links":{"self":[{"href":"https:\/\/cmbsas-caba.infd.edu.ar\/sitio\/wp-json\/wp\/v2\/pages\/2374"}],"collection":[{"href":"https:\/\/cmbsas-caba.infd.edu.ar\/sitio\/wp-json\/wp\/v2\/pages"}],"about":[{"href":"https:\/\/cmbsas-caba.infd.edu.ar\/sitio\/wp-json\/wp\/v2\/types\/page"}],"author":[{"embeddable":true,"href":"https:\/\/cmbsas-caba.infd.edu.ar\/sitio\/wp-json\/wp\/v2\/users\/309"}],"replies":[{"embeddable":true,"href":"https:\/\/cmbsas-caba.infd.edu.ar\/sitio\/wp-json\/wp\/v2\/comments?post=2374"}],"version-history":[{"count":5,"href":"https:\/\/cmbsas-caba.infd.edu.ar\/sitio\/wp-json\/wp\/v2\/pages\/2374\/revisions"}],"predecessor-version":[{"id":2457,"href":"https:\/\/cmbsas-caba.infd.edu.ar\/sitio\/wp-json\/wp\/v2\/pages\/2374\/revisions\/2457"}],"wp:attachment":[{"href":"https:\/\/cmbsas-caba.infd.edu.ar\/sitio\/wp-json\/wp\/v2\/media?parent=2374"}],"curies":[{"name":"wp","href":"https:\/\/api.w.org\/{rel}","templated":true}]}}