{"id":2379,"date":"2020-10-20T15:17:55","date_gmt":"2020-10-20T18:17:55","guid":{"rendered":"https:\/\/cmbsas-caba.infd.edu.ar\/sitio\/?page_id=2379"},"modified":"2020-10-24T14:55:06","modified_gmt":"2020-10-24T17:55:06","slug":"29-10","status":"publish","type":"page","link":"https:\/\/cmbsas-caba.infd.edu.ar\/sitio\/29-10\/","title":{"rendered":"29-10"},"content":{"rendered":"<h3>12h &#8211;<\/h3>\n<h3>Eduardo Gianesella (Brasil) por Ariel Gonzalez<\/h3>\n<p><img decoding=\"async\" loading=\"lazy\" class=\"alignnone size-thumbnail wp-image-2460\" src=\"https:\/\/cmbsas-caba.infd.edu.ar\/sitio\/wp-content\/uploads\/2020\/10\/Gianesella-500x500.jpg\" alt=\"\" width=\"500\" height=\"500\" \/><\/p>\n<p>Eduardo Gianesella es profesor de percusi\u00f3n y codirector del Grupo de Percusi\u00f3n del Instituto de Artes de la Universidad Estadual de San Pablo (Grupo PIAP) desde 1993 y es miembro de la Orquesta Sinf\u00f3nica del Estado de S\u00e3o Paulo desde 1994. Se gradu\u00f3 en percusi\u00f3n en el Conservatorio de Tatu\u00ed. , egresado de la UNESP, obtuvo una maestr\u00eda en interpretaci\u00f3n de la Eastman School of Music (USA) como becario CNPq y un doctorado de ECA \/ USP, cuya investigaci\u00f3n dio como resultado el libro \u201cPercusion Orquestal Brasilera\u201d. Gan\u00f3 varios concursos e integr\u00f3 varios conjuntos sinf\u00f3nicos y agrupaciones de m\u00fasica contempor\u00e1nea en Brasil. Adem\u00e1s de impartir seminarios y clases magistrales en varios pa\u00edses, se ha desempe\u00f1ado regularmente como profesor invitado en importantes cursos y festivales de m\u00fasica en Brasil como FEMUSC y el Festival de Invierno de Campos do Jord\u00e3o, ha grabado numerosos CD y realiza frecuentes giras por Europa, Asia y Am\u00e9ricas con los diversos grupos que integra<\/p>\n<h3>14h &#8211;<\/h3>\n<h3>\n<style type=\"text\/css\"><!--td {border: 1px solid #ccc;}br {mso-data-placement:same-cell;}--><\/style>\n<\/h3>\n<p><span data-sheets-value=\"{&quot;1&quot;:2,&quot;2&quot;:&quot;Percusion corporal Nacho y Alan&quot;}\" data-sheets-userformat=\"{&quot;2&quot;:6953,&quot;3&quot;:{&quot;1&quot;:0},&quot;6&quot;:{&quot;1&quot;:[{&quot;1&quot;:2,&quot;2&quot;:0,&quot;5&quot;:{&quot;1&quot;:2,&quot;2&quot;:0}},{&quot;1&quot;:0,&quot;2&quot;:0,&quot;3&quot;:3},{&quot;1&quot;:1,&quot;2&quot;:0,&quot;4&quot;:1}]},&quot;8&quot;:{&quot;1&quot;:[{&quot;1&quot;:2,&quot;2&quot;:0,&quot;5&quot;:{&quot;1&quot;:2,&quot;2&quot;:0}},{&quot;1&quot;:0,&quot;2&quot;:0,&quot;3&quot;:3},{&quot;1&quot;:1,&quot;2&quot;:0,&quot;4&quot;:1}]},&quot;11&quot;:0,&quot;12&quot;:0,&quot;14&quot;:{&quot;1&quot;:2,&quot;2&quot;:0},&quot;15&quot;:&quot;Calibri&quot;}\">Percusion corporal por Ignacio Corrales\u00a0 y Alan Dell Oso<\/span><\/p>\n<h3>16h &#8211;<\/h3>\n<h3>Pipi Piazzolla (Argentina) por Marina Calzado Linage<\/h3>\n<p><img decoding=\"async\" loading=\"lazy\" class=\"alignnone size-thumbnail wp-image-2414\" src=\"https:\/\/cmbsas-caba.infd.edu.ar\/sitio\/wp-content\/uploads\/2020\/10\/Pipi-Piazzolla-3-500x500.jpg\" alt=\"\" width=\"500\" height=\"500\" \/><\/p>\n<p>Daniel Pipi Piazzolla. Nacido en Capital Federal, Buenos Aires, Argentina. Estudi\u00f3 con Rolando \u00abOso\u00bb Picardi, Fernando Martinez, Horacio L\u00f3pez, Eduardo<br \/>\nCasalla, Sebasti\u00e1n Peycere, Carlos Riganti, JoePorcaro, Ralph Humphrey, Efrain Toro, Richie Garc\u00eda, CaseyScheuerell, Adam Nussbaum, RobbieAmeen, Tommy Campbell, Frank Katz, Bobby Sanabria, TossPanos, Kenny Washington, Rodney Green y Jonathan Blake. Tambi\u00e9n estudi\u00f3 en Los Angeles, en el MusiciansIntitute en 1992 gradu\u00e1ndose con honores y ganando el premio a mejor baterista de ritmos latinos del a\u00f1o. En 2010 edit\u00f3 su primer libro de bater\u00eda llamado \u00abBater\u00eda contempor\u00e1nea\u00bb. Ha tocado con artistas mundialmente reconocidos como Paquito D\u00b4Rivera, UteLemper, Guillermo Klein, AaronGoldberg, Bill Mc Henry, Miguel Zen\u00f3n, Hugo Fattoruso, Danilo Perez, Chick Corea, Ben Monder, Mike Mossman, Diego Urcola, Juan Cruz de Urquiza, Richard Nant, Luis Bonilla, Gary Valente, Arturo O\u00b4Farrill afro latin jazz big band, Scott Robinson, DaveSamuels, Gary Burton, Lito Vitale, Pablo Aslan, AndersJormin, Ligia Piro, Carlos Cutaia, RaulLavi\u00e9, Ernesto Snajer, Jos\u00e9 Angel Trelles, Susana Rinaldi, Gustavo Bergalli, Maria Estela Monti, Escalandrum, Fernando Suarez Paz, Pablo Ziegler, H\u00e9ctor Console, Nicol\u00e1s Guerschberg, Horacio Malvicino, Sexteto Mayor, UteLemper, etc. Junto a su grupo Escalandrum ganaron el premio Gardel de Oro (m\u00e1xima distinci\u00f3n de la industria musical Argentina), es el primer grupo de jazz en lograr esa distinci\u00f3n. Con Escalandrum est\u00e1 presentando 3001 (d\u00e9cimo disco del grupo) por el mundo, disco que comparten con la artista mundialmente reconocida Elena Roger. Est\u00e1 sponsoreado por bater\u00edas Yamaha y platillos Zildjian.<\/p>\n<h3>18h<\/h3>\n<h3>Tihda Vongkoth (EEUU)\u00a0por Pauline Roberts<\/h3>\n<figure id=\"attachment_2417\" aria-describedby=\"caption-attachment-2417\" style=\"width: 490px\" class=\"wp-caption alignnone\"><img decoding=\"async\" loading=\"lazy\" class=\"size-thumbnail wp-image-2417\" src=\"https:\/\/cmbsas-caba.infd.edu.ar\/sitio\/wp-content\/uploads\/2020\/10\/tidha-500x500.jpeg\" alt=\"\" width=\"500\" height=\"500\" \/><figcaption id=\"caption-attachment-2417\" class=\"wp-caption-text\">OLYMPUS DIGITAL CAMERA<\/figcaption><\/figure>\n<p>Tihda Vongkoth (ella \/ ella), cofundadora de Modern Marimba, es una m\u00fasica laoamericana de segunda generaci\u00f3n en Sarasota, Florida (sus padres son refugiados laosianos). Dedicada a la descolonizaci\u00f3n de la m\u00fasica y al desmantelamiento de la supremac\u00eda blanca. Tihda ha aparecido como solista de marimba con la United States Air Force Band, la Florida Orchestra y la Interlochen Arts Academy Orchestra. Recientemente grab\u00f3 Unarmed Truth de Stephon Davis para vibr\u00e1fono y electr\u00f3nica, marimba en \u00abArise &#8211; Choral Music of Ola Gjeilo\u00bb con Key Chorale of Sarasota, y aparece en \u00abSymphony No. 1\u00bb de Thomas Sleeper en Albany Records. Como percusionista, Tihda ha actuado en el Rio Carnival Sambadrom (desfilando en Caixa con la Escola de Samba Unidos de Vila Isabel), el Smithsonian Folklife Festival, Aspen Music Festival, Breckenridge Music Festival, Eastern Music Festival y Brevard Music Festival. Tihda se presenta como percusionista orquestal invitada con la Orquesta de Sarasota, la Orquesta de Florida, la Filarm\u00f3nica de N\u00e1poles, la \u00d3pera de Tampa, la \u00d3pera de St. Pete y ha actuado con la Sinf\u00f3nica de Jacksonville y la Sinf\u00f3nica del Nuevo Mundo. Tambi\u00e9n ha actuado con muchas organizaciones de artes esc\u00e9nicas locales en Sarasota. Ha presentado clases magistrales educativas en la Universidad de Kutztown y la Universidad del Sur de Florida y presenta regularmente cl\u00ednicas para estudiantes de K-12 en el condado de Sarasota. Tihda asisti\u00f3 al Centro de las Artes del Condado de Pinellas en la Escuela Secundaria Gibbs en St. Petersburg, Florida, a la Academia de Artes Interlochen, y tiene t\u00edtulos avanzados en interpretaci\u00f3n musical de la Universidad Metodista del Sur y la Universidad de Temple.<\/p>\n<h3>19h<\/h3>\n<h3>Ensamble de percusi\u00f3n del Conservatorio de M\u00fasica \u201c Gilardo Gilardi \u201c de La Plata &#8211; Dir. Pablo Rivas.<\/h3>\n<p><img decoding=\"async\" loading=\"lazy\" class=\"alignnone size-thumbnail wp-image-2461\" src=\"https:\/\/cmbsas-caba.infd.edu.ar\/sitio\/wp-content\/uploads\/2020\/10\/Gilardi-500x500.jpg\" alt=\"\" width=\"500\" height=\"500\" \/><\/p>\n<p><span style=\"font-weight: 400;\">Desde hace 16 a\u00f1os el Ensamble de Percusi\u00f3n \u00abGilardo Gilardi\u00bb se dedica a la interpretaci\u00f3n y difusi\u00f3n de piezas\u00a0\u00a0<\/span><span style=\"font-weight: 400;\">escritas para percusi\u00f3n en la regi\u00f3n de La Plata.\u00a0<\/span><span style=\"font-weight: 400;\">El grupo se conforma por estudiantes de diferentes c\u00e1tedras y niveles del Conservatorio \u00abGilardo Gilardi\u00bb de La Plata.\u00a0<\/span><span style=\"font-weight: 400;\">Adem\u00e1s de las presentaciones en su ciudad y adyacencias tambien se ha presentado en CABA,Moron,Tres Arroyos etc y ha sido\u00a0<\/span><span style=\"font-weight: 400;\">invitado a importantes festivales vern\u00e1culos del mundo de la percusi\u00f3n .\u00a0<\/span><span style=\"font-weight: 400;\">Este conjunto ha participado en \u00abperformances\u00bb junto a artistas visuales, videoarte, danza y otras formaciones musicales.\u00a0<\/span><span style=\"font-weight: 400;\">Del mismo modo ha trabajado con Maestros percusionistas y Directores invitados como asi tambi\u00e9n ha encomendado\u00a0 y grabado\u00a0<\/span><span style=\"font-weight: 400;\">obras escritas especialmente para esta agrupaci\u00f3n.\u00a0\u00a0<\/span><span style=\"font-weight: 400;\">Pablo Rivas Marcatili es su director y coordinador desde el comienzo hasta la fecha, accediendo al mismo por concurso por\u00a0<\/span><span style=\"font-weight: 400;\">oposicion. \u00a0 \u00a0 <\/span><\/p>\n","protected":false},"excerpt":{"rendered":"<p>12h &#8211; Eduardo Gianesella (Brasil) por Ariel Gonzalez Eduardo Gianesella es profesor de percusi\u00f3n y codirector del Grupo de Percusi\u00f3n del Instituto de Artes de la Universidad Estadual de San Pablo (Grupo PIAP) desde 1993 y es miembro de la Orquesta Sinf\u00f3nica del Estado de S\u00e3o Paulo desde 1994. Se gradu\u00f3 en percusi\u00f3n en el &#8230; <a title=\"29-10\" class=\"read-more\" href=\"https:\/\/cmbsas-caba.infd.edu.ar\/sitio\/29-10\/\" aria-label=\"More on 29-10\">[+]<\/a><\/p>\n","protected":false},"author":309,"featured_media":0,"parent":0,"menu_order":0,"comment_status":"closed","ping_status":"closed","template":"","meta":[],"acf":[],"_links":{"self":[{"href":"https:\/\/cmbsas-caba.infd.edu.ar\/sitio\/wp-json\/wp\/v2\/pages\/2379"}],"collection":[{"href":"https:\/\/cmbsas-caba.infd.edu.ar\/sitio\/wp-json\/wp\/v2\/pages"}],"about":[{"href":"https:\/\/cmbsas-caba.infd.edu.ar\/sitio\/wp-json\/wp\/v2\/types\/page"}],"author":[{"embeddable":true,"href":"https:\/\/cmbsas-caba.infd.edu.ar\/sitio\/wp-json\/wp\/v2\/users\/309"}],"replies":[{"embeddable":true,"href":"https:\/\/cmbsas-caba.infd.edu.ar\/sitio\/wp-json\/wp\/v2\/comments?post=2379"}],"version-history":[{"count":6,"href":"https:\/\/cmbsas-caba.infd.edu.ar\/sitio\/wp-json\/wp\/v2\/pages\/2379\/revisions"}],"predecessor-version":[{"id":2463,"href":"https:\/\/cmbsas-caba.infd.edu.ar\/sitio\/wp-json\/wp\/v2\/pages\/2379\/revisions\/2463"}],"wp:attachment":[{"href":"https:\/\/cmbsas-caba.infd.edu.ar\/sitio\/wp-json\/wp\/v2\/media?parent=2379"}],"curies":[{"name":"wp","href":"https:\/\/api.w.org\/{rel}","templated":true}]}}

<h3>12h &#8211;</h3>
<h3>Eduardo Gianesella (Brasil) por Ariel Gonzalez</h3>
<p><img decoding="async" loading="lazy" class="alignnone size-thumbnail wp-image-2460" src="https://cmbsas-caba.infd.edu.ar/sitio/wp-content/uploads/2020/10/Gianesella-500x500.jpg" alt="" width="500" height="500" /></p>
<p>Eduardo Gianesella es profesor de percusión y codirector del Grupo de Percusión del Instituto de Artes de la Universidad Estadual de San Pablo (Grupo PIAP) desde 1993 y es miembro de la Orquesta Sinfónica del Estado de São Paulo desde 1994. Se graduó en percusión en el Conservatorio de Tatuí. , egresado de la UNESP, obtuvo una maestría en interpretación de la Eastman School of Music (USA) como becario CNPq y un doctorado de ECA / USP, cuya investigación dio como resultado el libro “Percusion Orquestal Brasilera”. Ganó varios concursos e integró varios conjuntos sinfónicos y agrupaciones de música contemporánea en Brasil. Además de impartir seminarios y clases magistrales en varios países, se ha desempeñado regularmente como profesor invitado en importantes cursos y festivales de música en Brasil como FEMUSC y el Festival de Invierno de Campos do Jordão, ha grabado numerosos CD y realiza frecuentes giras por Europa, Asia y Américas con los diversos grupos que integra</p>
<h3>14h &#8211;</h3>
<h3>
<style type="text/css"><!--td {border: 1px solid #ccc;}br {mso-data-placement:same-cell;}--></style>
</h3>
<p><span data-sheets-value="{&quot;1&quot;:2,&quot;2&quot;:&quot;Percusion corporal Nacho y Alan&quot;}" data-sheets-userformat="{&quot;2&quot;:6953,&quot;3&quot;:{&quot;1&quot;:0},&quot;6&quot;:{&quot;1&quot;:[{&quot;1&quot;:2,&quot;2&quot;:0,&quot;5&quot;:{&quot;1&quot;:2,&quot;2&quot;:0}},{&quot;1&quot;:0,&quot;2&quot;:0,&quot;3&quot;:3},{&quot;1&quot;:1,&quot;2&quot;:0,&quot;4&quot;:1}]},&quot;8&quot;:{&quot;1&quot;:[{&quot;1&quot;:2,&quot;2&quot;:0,&quot;5&quot;:{&quot;1&quot;:2,&quot;2&quot;:0}},{&quot;1&quot;:0,&quot;2&quot;:0,&quot;3&quot;:3},{&quot;1&quot;:1,&quot;2&quot;:0,&quot;4&quot;:1}]},&quot;11&quot;:0,&quot;12&quot;:0,&quot;14&quot;:{&quot;1&quot;:2,&quot;2&quot;:0},&quot;15&quot;:&quot;Calibri&quot;}">Percusion corporal por Ignacio Corrales  y Alan Dell Oso</span></p>
<h3>16h &#8211;</h3>
<h3>Pipi Piazzolla (Argentina) por Marina Calzado Linage</h3>
<p><img decoding="async" loading="lazy" class="alignnone size-thumbnail wp-image-2414" src="https://cmbsas-caba.infd.edu.ar/sitio/wp-content/uploads/2020/10/Pipi-Piazzolla-3-500x500.jpg" alt="" width="500" height="500" /></p>
<p>Daniel Pipi Piazzolla. Nacido en Capital Federal, Buenos Aires, Argentina. Estudió con Rolando «Oso» Picardi, Fernando Martinez, Horacio López, Eduardo<br />
Casalla, Sebastián Peycere, Carlos Riganti, JoePorcaro, Ralph Humphrey, Efrain Toro, Richie García, CaseyScheuerell, Adam Nussbaum, RobbieAmeen, Tommy Campbell, Frank Katz, Bobby Sanabria, TossPanos, Kenny Washington, Rodney Green y Jonathan Blake. También estudió en Los Angeles, en el MusiciansIntitute en 1992 graduándose con honores y ganando el premio a mejor baterista de ritmos latinos del año. En 2010 editó su primer libro de batería llamado «Batería contemporánea». Ha tocado con artistas mundialmente reconocidos como Paquito D´Rivera, UteLemper, Guillermo Klein, AaronGoldberg, Bill Mc Henry, Miguel Zenón, Hugo Fattoruso, Danilo Perez, Chick Corea, Ben Monder, Mike Mossman, Diego Urcola, Juan Cruz de Urquiza, Richard Nant, Luis Bonilla, Gary Valente, Arturo O´Farrill afro latin jazz big band, Scott Robinson, DaveSamuels, Gary Burton, Lito Vitale, Pablo Aslan, AndersJormin, Ligia Piro, Carlos Cutaia, RaulLavié, Ernesto Snajer, José Angel Trelles, Susana Rinaldi, Gustavo Bergalli, Maria Estela Monti, Escalandrum, Fernando Suarez Paz, Pablo Ziegler, Héctor Console, Nicolás Guerschberg, Horacio Malvicino, Sexteto Mayor, UteLemper, etc. Junto a su grupo Escalandrum ganaron el premio Gardel de Oro (máxima distinción de la industria musical Argentina), es el primer grupo de jazz en lograr esa distinción. Con Escalandrum está presentando 3001 (décimo disco del grupo) por el mundo, disco que comparten con la artista mundialmente reconocida Elena Roger. Está sponsoreado por baterías Yamaha y platillos Zildjian.</p>
<h3>18h</h3>
<h3>Tihda Vongkoth (EEUU) por Pauline Roberts</h3>
<figure id="attachment_2417" aria-describedby="caption-attachment-2417" style="width: 490px" class="wp-caption alignnone"><img decoding="async" loading="lazy" class="size-thumbnail wp-image-2417" src="https://cmbsas-caba.infd.edu.ar/sitio/wp-content/uploads/2020/10/tidha-500x500.jpeg" alt="" width="500" height="500" /><figcaption id="caption-attachment-2417" class="wp-caption-text">OLYMPUS DIGITAL CAMERA</figcaption></figure>
<p>Tihda Vongkoth (ella / ella), cofundadora de Modern Marimba, es una música laoamericana de segunda generación en Sarasota, Florida (sus padres son refugiados laosianos). Dedicada a la descolonización de la música y al desmantelamiento de la supremacía blanca. Tihda ha aparecido como solista de marimba con la United States Air Force Band, la Florida Orchestra y la Interlochen Arts Academy Orchestra. Recientemente grabó Unarmed Truth de Stephon Davis para vibráfono y electrónica, marimba en «Arise &#8211; Choral Music of Ola Gjeilo» con Key Chorale of Sarasota, y aparece en «Symphony No. 1» de Thomas Sleeper en Albany Records. Como percusionista, Tihda ha actuado en el Rio Carnival Sambadrom (desfilando en Caixa con la Escola de Samba Unidos de Vila Isabel), el Smithsonian Folklife Festival, Aspen Music Festival, Breckenridge Music Festival, Eastern Music Festival y Brevard Music Festival. Tihda se presenta como percusionista orquestal invitada con la Orquesta de Sarasota, la Orquesta de Florida, la Filarmónica de Nápoles, la Ópera de Tampa, la Ópera de St. Pete y ha actuado con la Sinfónica de Jacksonville y la Sinfónica del Nuevo Mundo. También ha actuado con muchas organizaciones de artes escénicas locales en Sarasota. Ha presentado clases magistrales educativas en la Universidad de Kutztown y la Universidad del Sur de Florida y presenta regularmente clínicas para estudiantes de K-12 en el condado de Sarasota. Tihda asistió al Centro de las Artes del Condado de Pinellas en la Escuela Secundaria Gibbs en St. Petersburg, Florida, a la Academia de Artes Interlochen, y tiene títulos avanzados en interpretación musical de la Universidad Metodista del Sur y la Universidad de Temple.</p>
<h3>19h</h3>
<h3>Ensamble de percusión del Conservatorio de Música “ Gilardo Gilardi “ de La Plata &#8211; Dir. Pablo Rivas.</h3>
<p><img decoding="async" loading="lazy" class="alignnone size-thumbnail wp-image-2461" src="https://cmbsas-caba.infd.edu.ar/sitio/wp-content/uploads/2020/10/Gilardi-500x500.jpg" alt="" width="500" height="500" /></p>
<p><span style="font-weight: 400;">Desde hace 16 años el Ensamble de Percusión «Gilardo Gilardi» se dedica a la interpretación y difusión de piezas  </span><span style="font-weight: 400;">escritas para percusión en la región de La Plata. </span><span style="font-weight: 400;">El grupo se conforma por estudiantes de diferentes cátedras y niveles del Conservatorio «Gilardo Gilardi» de La Plata. </span><span style="font-weight: 400;">Además de las presentaciones en su ciudad y adyacencias tambien se ha presentado en CABA,Moron,Tres Arroyos etc y ha sido </span><span style="font-weight: 400;">invitado a importantes festivales vernáculos del mundo de la percusión . </span><span style="font-weight: 400;">Este conjunto ha participado en «performances» junto a artistas visuales, videoarte, danza y otras formaciones musicales. </span><span style="font-weight: 400;">Del mismo modo ha trabajado con Maestros percusionistas y Directores invitados como asi también ha encomendado  y grabado </span><span style="font-weight: 400;">obras escritas especialmente para esta agrupación.  </span><span style="font-weight: 400;">Pablo Rivas Marcatili es su director y coordinador desde el comienzo hasta la fecha, accediendo al mismo por concurso por </span><span style="font-weight: 400;">oposicion.     </span></p>

<p>12h &#8211; Eduardo Gianesella (Brasil) por Ariel Gonzalez Eduardo Gianesella es profesor de percusión y codirector del Grupo de Percusión del Instituto de Artes de la Universidad Estadual de San Pablo (Grupo PIAP) desde 1993 y es miembro de la Orquesta Sinfónica del Estado de São Paulo desde 1994. Se graduó en percusión en el &#8230; <a title="29-10" class="read-more" href="https://cmbsas-caba.infd.edu.ar/sitio/29-10/" aria-label="More on 29-10">[+]</a></p>
