{"id":2821,"date":"2021-08-23T14:10:58","date_gmt":"2021-08-23T17:10:58","guid":{"rendered":"https:\/\/cmbsas-caba.infd.edu.ar\/sitio\/?page_id=2821"},"modified":"2021-09-15T15:24:21","modified_gmt":"2021-09-15T18:24:21","slug":"curso-musica-argentina-cum-corde","status":"publish","type":"page","link":"https:\/\/cmbsas-caba.infd.edu.ar\/sitio\/curso-musica-argentina-cum-corde\/","title":{"rendered":"Curso \u201cM\u00fasica Argentina Cum Corde\u201d"},"content":{"rendered":"\n<p style=\"font-size:28px\"><strong>Prof. Sebastian Masci<\/strong><\/p>\n\n\n\n<p class=\"has-medium-font-size\">Martes 18:30 a 20:30<\/p>\n\n\n\n<p class=\"has-medium-font-size\">Comienza el 28  de Septiembre &#8211; Finaliza en Diciembre \/\/ PRESENCIAL<\/p>\n\n\n\n<p><strong>Objetivo<br><\/strong>Ampliar el repertorio de repertorio de obras argentinas a los estudiantes de instrumentos de cuerda para distintas formaciones con cuerdas a saber d\u00faos, tr\u00edos y cuarteto de cuerdas.<\/p>\n\n\n\n<p><strong>Fundamentos<br><\/strong>El repertorio argentino en su gran mayor\u00eda se encuentra sin editar, lo que conlleva un dif\u00edcil acceso al mismo por parte de todo aquel instrumentista que desee abordar el mismo. A\u00fan as\u00ed el casi total desconocimiento del mismo por parte de los estudiantes conllevan a que \u00e9stos no realicen el estudio de obras argentinas. Por lo tanto este curso tendr\u00e1 como objetivo fundamental acercar el mencionado repertorio para su estudio y ejecuci\u00f3n final de repertorio argentino de poco o nulo abordaje, como as\u00ed tambi\u00e9n informar sobre las plataformas, bibliotecas y afines en donde hallar el material objetivo.<\/p>\n\n\n\n<p>Desarrollo.<br>PRIMERA PARTE.<br>Convocatoria a la inscripci\u00f3n del taller y conforme a los inscriptos en el mismo conformar los distintos grupos de c\u00e1mara con cuerdas cuyo objetivo es la conformaci\u00f3n de un cuarteto de cuerdas como base y desde el mismo el armado de subgrupos para abordar otras formaciones.<br>SEGUNDA PARTE<br>Selecci\u00f3n del repertorio ajust\u00e1ndolo al nivel de formaci\u00f3n de los alumnos, haciendo incapi\u00e9 en aquel repertorio de dif\u00edcil acceso.<br>TERCERA PARTE<br>Estudio y ensayos de las obras a abordar con informaci\u00f3n sobre el compositor, etapa creativa del mismo y est\u00e9tica que el mismo utiliza en la pieza o piezas seleccionadas.<br>CUARTA PARTE<br>Interpretaci\u00f3n p\u00fablica de las obras estudiadas.<\/p>\n\n\n\n<p style=\"font-size:25px\"><strong>INSCRIPCI\u00d3N:<\/strong> <a href=\"https:\/\/forms.gle\/hzKqpVw6vzXtXwvPA\">https:\/\/forms.gle\/hzKqpVw6vzXtXwvPA<\/a><\/p>\n\n\n\n<p><strong>DUDAS\/CONSULTAS: extension_piazzolla@buenosaires.gob.ar<\/strong><\/p>\n\n\n\n<p><\/p>\n","protected":false},"excerpt":{"rendered":"<p>Prof. Sebastian Masci Martes 18:30 a 20:30 Comienza el 28 de Septiembre &#8211; Finaliza en Diciembre \/\/ PRESENCIAL ObjetivoAmpliar el repertorio de repertorio de obras argentinas a los estudiantes de instrumentos de cuerda para distintas formaciones con cuerdas a saber d\u00faos, tr\u00edos y cuarteto de cuerdas. FundamentosEl repertorio argentino en su gran mayor\u00eda se encuentra &#8230; <a title=\"Curso \u201cM\u00fasica Argentina Cum Corde\u201d\" class=\"read-more\" href=\"https:\/\/cmbsas-caba.infd.edu.ar\/sitio\/curso-musica-argentina-cum-corde\/\" aria-label=\"More on Curso \u201cM\u00fasica Argentina Cum Corde\u201d\">[+]<\/a><\/p>\n","protected":false},"author":309,"featured_media":0,"parent":0,"menu_order":0,"comment_status":"closed","ping_status":"closed","template":"","meta":[],"acf":[],"_links":{"self":[{"href":"https:\/\/cmbsas-caba.infd.edu.ar\/sitio\/wp-json\/wp\/v2\/pages\/2821"}],"collection":[{"href":"https:\/\/cmbsas-caba.infd.edu.ar\/sitio\/wp-json\/wp\/v2\/pages"}],"about":[{"href":"https:\/\/cmbsas-caba.infd.edu.ar\/sitio\/wp-json\/wp\/v2\/types\/page"}],"author":[{"embeddable":true,"href":"https:\/\/cmbsas-caba.infd.edu.ar\/sitio\/wp-json\/wp\/v2\/users\/309"}],"replies":[{"embeddable":true,"href":"https:\/\/cmbsas-caba.infd.edu.ar\/sitio\/wp-json\/wp\/v2\/comments?post=2821"}],"version-history":[{"count":8,"href":"https:\/\/cmbsas-caba.infd.edu.ar\/sitio\/wp-json\/wp\/v2\/pages\/2821\/revisions"}],"predecessor-version":[{"id":2884,"href":"https:\/\/cmbsas-caba.infd.edu.ar\/sitio\/wp-json\/wp\/v2\/pages\/2821\/revisions\/2884"}],"wp:attachment":[{"href":"https:\/\/cmbsas-caba.infd.edu.ar\/sitio\/wp-json\/wp\/v2\/media?parent=2821"}],"curies":[{"name":"wp","href":"https:\/\/api.w.org\/{rel}","templated":true}]}}