{"id":2866,"date":"2021-09-09T16:58:20","date_gmt":"2021-09-09T19:58:20","guid":{"rendered":"https:\/\/cmbsas-caba.infd.edu.ar\/sitio\/?page_id=2866"},"modified":"2024-09-26T14:14:15","modified_gmt":"2024-09-26T17:14:15","slug":"jornadas-de-produccion-musical","status":"publish","type":"page","link":"https:\/\/cmbsas-caba.infd.edu.ar\/sitio\/extension\/jornadas\/jornadas-de-produccion-musical\/","title":{"rendered":"VIII Jornadas de Producci\u00f3n Musical"},"content":{"rendered":"\n<p>Del <strong>30 de septiembre al 5 de octubre<\/strong>, se realizar\u00e1n en el <strong>Conservatorio Superior de M\u00fasica \u201cAstor Piazzolla\u201d<\/strong> (Sarmiento 3401, CABA), dependiente del Ministerio de Cultura porte\u00f1o, las <strong>VIII Jornadas de Producci\u00f3n Musical<\/strong>, con <strong>workshops, charlas, exposiciones, presentaciones art\u00edsticas y conciertos<\/strong>. Algunas actividades se llevar\u00e1n a cabo de manera <strong>virtual<\/strong> y otras requerir\u00e1n de la <strong>presencialidad<\/strong>. <strong>Todas las actividades son gratuitas<\/strong>.<\/p>\n\n\n\n<p>Las <strong>charlas presenciales<\/strong> que se realicen entre el lunes 30 de septiembre y el jueves 3 de octubre se <strong>transmitir\u00e1n en vivo<\/strong> a trav\u00e9s de nuestro <strong>canal de YouTube<\/strong>. Las actividades del viernes y s\u00e1bado, como los conciertos y la expo, no se transmitir\u00e1n.<\/p>\n\n\n\n<p>Estas jornadas representan una <strong>oportunidad \u00fanica<\/strong> para que los estudiantes adquieran nuevas herramientas indispensables para su desarrollo profesional, adem\u00e1s de actualizaciones necesarias para la carrera.<\/p>\n\n\n\n<p class=\"has-text-align-center\" id=\"block-52c58c06-78ba-4a87-b88c-6f17adff2ee8\" style=\"font-size:25px\"><strong><a href=\"https:\/\/conservatoriopiazzolla.ar\" data-type=\"URL\" data-id=\"https:\/\/conservatoriopiazzolla.ar\" target=\"_blank\" rel=\"noreferrer noopener\">FORMULARIO DE INSCRIPCI\u00d3N<\/a><\/strong><\/p>\n\n\n\n<p><strong>Si ya sos estudiante, ingres\u00e1 a<\/strong><a href=\"https:\/\/conservatoriopiazzolla.ar\/\" target=\"_blank\" rel=\"noreferrer noopener\"><strong> https:\/\/conservatoriopiazzolla.ar\/<\/strong><\/a><strong> con tu PIN y contrase\u00f1a, y hac\u00e9 click en la opci\u00f3n \u00abInscribirte o modificar tu inscripci\u00f3n en un curso de Extensi\u00f3n\u00bb.<\/strong><\/p>\n\n\n\n<p><strong>Si no sos estudiante, ingres\u00e1 a<\/strong><a href=\"https:\/\/conservatoriopiazzolla.ar\/\" target=\"_blank\" rel=\"noreferrer noopener\"><strong> https:\/\/conservatoriopiazzolla.ar\/<\/strong><\/a><strong> y hac\u00e9 click en la opci\u00f3n \u00abRegistrarme\u00bb. Luego, complet\u00e1 tus datos para inscribirte. Una vez registrado, dirigite a las actividades de extensi\u00f3n y seleccion\u00e1 la opci\u00f3n de las Jornadas.<\/strong><\/p>\n\n\n\n<p class=\"has-text-align-center\"><strong>Se emitir\u00e1n certificados de participaci\u00f3n a quienes acrediten asistencia en un 75% de las actividades.<\/strong><br><\/p>\n\n\n\n<h3 class=\"wp-block-heading\">Objetivos de las Jornadas:<\/h3>\n\n\n\n<ul>\n<li>Conocer profesionales referentes en sus campos de especializaci\u00f3n.<\/li>\n\n\n\n<li>Compartir experiencias que enriquezcan el recorrido acad\u00e9mico de los estudiantes.<\/li>\n\n\n\n<li>Abrir nuestra instituci\u00f3n para que m\u00e1s personas conozcan nuestro trabajo.<\/li>\n\n\n\n<li>Mostrar las producciones de nuestros estudiantes.<\/li>\n\n\n\n<li>Conocer innovaciones en el campo de la producci\u00f3n musical.<\/li>\n\n\n\n<li>Afianzar los lazos entre los estudiantes de las distintas carreras, fortaleciendo la comunidad educativa.<br><\/li>\n<\/ul>\n\n\n\n<h3 class=\"wp-block-heading\"><strong>Grilla de Actividades<\/strong>:<\/h3>\n\n\n\n<p><strong>Lunes 30 de septiembre<\/strong><\/p>\n\n\n\n<ul>\n<li><strong>18:30 h<\/strong>. Nicol\u00e1s Sanmarti: <em>Composici\u00f3n y producci\u00f3n musical para TV<\/em> (virtual)<\/li>\n\n\n\n<li><strong>20:30 h<\/strong>. Natalia Sotelo: <em>Sonido en vivo: Workflow &amp; conectividad<\/em> (presencial)<\/li>\n<\/ul>\n\n\n\n<p><strong>Martes 1 de octubre<\/strong><\/p>\n\n\n\n<ul>\n<li><strong>18:30 h<\/strong>. Santiago Capisto: <em>El Omnipressor, un procesador adelantado a su tiempo<\/em> (virtual)<\/li>\n\n\n\n<li><strong>20:30 h<\/strong>. Patricia Caiella: <em>Metodolog\u00eda de trabajo en TV<\/em> (virtual)<\/li>\n<\/ul>\n\n\n\n<p><strong>Mi\u00e9rcoles 2 de octubre<\/strong><\/p>\n\n\n\n<ul>\n<li><strong>18:30 h<\/strong>. Gustavo Gonz\u00e1lez: <em>Los auriculares como herramienta de monitoreo<\/em> (presencial) &#8211; <strong>REPROGRAMADA<\/strong> debido a la Gran Marcha Federal. La nueva fecha se informar\u00e1 pr\u00f3ximamente.<\/li>\n<\/ul>\n\n\n\n<p><strong>Jueves 3 de octubre<\/strong><\/p>\n\n\n\n<ul>\n<li><strong>18:30 h<\/strong>. Nicol\u00e1s Rossi y Federico Meyer (MESS): <em>Introducci\u00f3n al Dolby Atmos<\/em> (presencial)<\/li>\n\n\n\n<li><strong>20:30 h<\/strong>. More Gemma: <em>Del mate al master<\/em> (presencial)<\/li>\n<\/ul>\n\n\n\n<p><strong>Viernes 4 de octubre<\/strong><\/p>\n\n\n\n<ul>\n<li><strong>20 h<\/strong>. Concierto IMIC + MixLab + Echosulky (presencial)<\/li>\n<\/ul>\n\n\n\n<p><strong>S\u00e1bado 5 de octubre<\/strong><\/p>\n\n\n\n<ul>\n<li><strong>15:00 a 19:30 h<\/strong>. Expo Piazzolla: <em>Expo &amp; Showroom<\/em> (presencial). Fabricantes nacionales de equipamiento de audio estar\u00e1n presentando sus productos.<\/li>\n\n\n\n<li><strong>16:00 h<\/strong>. Charla 1 UMI: <em>Aspectos importantes en la autogesti\u00f3n musical<\/em> (presencial)<\/li>\n\n\n\n<li><strong>17:00 h<\/strong>. Charla 2: <em>Introducci\u00f3n al mundo de los instrumentos reciclados y materiales en desuso<\/em> (presencial)<\/li>\n\n\n\n<li><strong>17:35 h<\/strong>. Charla 3 Guido Salaya (GS sintetizadores): <em>S\u00edntesis<\/em> (presencial)<\/li>\n\n\n\n<li><strong>18:30 h<\/strong>. Charla 4 AES+ Fabricantes (presencial)<\/li>\n<\/ul>\n\n\n\n<h3 class=\"wp-block-heading\"><strong>Auspiciantes<\/strong>:<\/h3>\n\n\n\n<p>Equaphon, JS Silberstein, UNQUI, RF Latino, CIAM, Cluster, LSV<\/p>\n\n\n\n<hr class=\"wp-block-separator has-alpha-channel-opacity\"\/>\n\n\n\n<h3 class=\"wp-block-heading\"><strong>Acerca de los Expositores<\/strong>:<\/h3>\n\n\n\n<p><strong>Nicol\u00e1s Sanmarti<\/strong><br>Nacido en Pujato, Santa Fe, es un profesional del sonido con una prol\u00edfica carrera en la composici\u00f3n y producci\u00f3n musical. Se form\u00f3 en la Tecnicatura Superior en Sonido del Instituto Cetear de Rosario y trabaja en composici\u00f3n de m\u00fasica para televisi\u00f3n y producci\u00f3n musical.<\/p>\n\n\n\n<p><strong>Ensamble IMIC<\/strong><br>Ensamble del Conservatorio Astor Piazzolla focalizado en la performance, creaci\u00f3n de repertorio propio y la improvisaci\u00f3n. Combina live looping con live set usando Ableton Live, influenciados por g\u00e9neros como el techno, deep house, ambient y drone.<\/p>\n\n\n\n<p><strong>MixLab<\/strong><br>Grupo de experimentaci\u00f3n en artes sonoras enmarcado en el Profesorado en Composici\u00f3n con Medios Mixtos del Conservatorio Astor Piazzolla. Funciona con un sistema de \u00abresidencias\u00bb de duraci\u00f3n indeterminada, codirigido por Lautaro Vieyra y Mat\u00edas Giuliani.<br><br><strong>ECHOSULKY<\/strong><br> Productor, compositor y multiinstrumentista. Influenciado por la escena electr\u00f3nica underground de Londres e inspirado en arreglos <em>rave<\/em>, fusiona <em>breakbeats<\/em> con <em>house<\/em>, <em>future garage<\/em> y melod\u00edas <em>pop<\/em> con toques melanc\u00f3licos.<\/p>\n\n\n\n<p><strong>Gustavo Gonz\u00e1lez<\/strong><br>Fundador de Auriculares Argentina y Licenciado en Audiovisi\u00f3n. Docente e investigador, con especializaci\u00f3n en sonido y grabaci\u00f3n.<\/p>\n\n\n\n<p><strong>Natalia Sotelo<\/strong><br>T\u00e9cnica de audio con amplia experiencia en sonido en vivo, teatro y audiovisual. Actualmente trabaja con Abel Pintos y otras reconocidas producciones.<\/p>\n\n\n\n<p><strong>Patricia Caiella<\/strong><br>Microfonista y operadora de sonido especializada en TV en vivo y eventos teatrales.<\/p>\n\n\n\n<p><strong>More Gemma<\/strong><br>Compositora y productora musical, con cinco discos de canciones y un Premio Gardel 2023 al mejor \u00e1lbum de m\u00fasica cl\u00e1sica por <em>Melancholia Borealis<\/em>.<\/p>\n\n\n\n<p><strong>Nicol\u00e1s Rossi<\/strong> y <strong>Federico Meyer<\/strong> (Exosound\/MESS)<br>Ambos profesionales tienen amplia experiencia en producci\u00f3n musical y la mezcla Dolby Atmos, aportando innovaci\u00f3n en este campo.<\/p>\n\n\n\n<p><strong>Santiago Capisto<\/strong><br>T\u00e9cnico de sonido especializado en procesadores, con un enfoque en el Omnipressor de Eventide, un procesador adelantado a su tiempo.<\/p>\n\n\n\n<p class=\"has-text-align-center\" id=\"block-52c58c06-78ba-4a87-b88c-6f17adff2ee8\" style=\"font-size:25px\"><strong><a rel=\"noreferrer noopener\" href=\"https:\/\/conservatoriopiazzolla.ar\/jornadas\/\" target=\"_blank\">FORMULARIO DE INSCRIPCI\u00d3N<\/a><\/strong><\/p>\n\n\n\n<p class=\"has-text-align-center\"><strong>Se emitir\u00e1n certificados de participaci\u00f3n a quienes acrediten asistencia en un 75% de las actividades.<\/strong><\/p>\n\n\n\n<hr class=\"wp-block-separator has-alpha-channel-opacity\"\/>\n\n\n\n<h2 class=\"wp-block-heading\"><\/h2>\n","protected":false},"excerpt":{"rendered":"<p>Del 30 de septiembre al 5 de octubre, se realizar\u00e1n en el Conservatorio Superior de M\u00fasica \u201cAstor Piazzolla\u201d (Sarmiento 3401, CABA), dependiente del Ministerio de Cultura porte\u00f1o, las VIII Jornadas de Producci\u00f3n Musical, con workshops, charlas, exposiciones, presentaciones art\u00edsticas y conciertos. Algunas actividades se llevar\u00e1n a cabo de manera virtual y otras requerir\u00e1n de la &#8230; <a title=\"VIII Jornadas de Producci\u00f3n Musical\" class=\"read-more\" href=\"https:\/\/cmbsas-caba.infd.edu.ar\/sitio\/extension\/jornadas\/jornadas-de-produccion-musical\/\" aria-label=\"More on VIII Jornadas de Producci\u00f3n Musical\">[+]<\/a><\/p>\n","protected":false},"author":309,"featured_media":0,"parent":1799,"menu_order":0,"comment_status":"closed","ping_status":"closed","template":"","meta":[],"acf":[],"_links":{"self":[{"href":"https:\/\/cmbsas-caba.infd.edu.ar\/sitio\/wp-json\/wp\/v2\/pages\/2866"}],"collection":[{"href":"https:\/\/cmbsas-caba.infd.edu.ar\/sitio\/wp-json\/wp\/v2\/pages"}],"about":[{"href":"https:\/\/cmbsas-caba.infd.edu.ar\/sitio\/wp-json\/wp\/v2\/types\/page"}],"author":[{"embeddable":true,"href":"https:\/\/cmbsas-caba.infd.edu.ar\/sitio\/wp-json\/wp\/v2\/users\/309"}],"replies":[{"embeddable":true,"href":"https:\/\/cmbsas-caba.infd.edu.ar\/sitio\/wp-json\/wp\/v2\/comments?post=2866"}],"version-history":[{"count":17,"href":"https:\/\/cmbsas-caba.infd.edu.ar\/sitio\/wp-json\/wp\/v2\/pages\/2866\/revisions"}],"predecessor-version":[{"id":5654,"href":"https:\/\/cmbsas-caba.infd.edu.ar\/sitio\/wp-json\/wp\/v2\/pages\/2866\/revisions\/5654"}],"up":[{"embeddable":true,"href":"https:\/\/cmbsas-caba.infd.edu.ar\/sitio\/wp-json\/wp\/v2\/pages\/1799"}],"wp:attachment":[{"href":"https:\/\/cmbsas-caba.infd.edu.ar\/sitio\/wp-json\/wp\/v2\/media?parent=2866"}],"curies":[{"name":"wp","href":"https:\/\/api.w.org\/{rel}","templated":true}]}}