{"id":2967,"date":"2021-11-30T12:22:50","date_gmt":"2021-11-30T15:22:50","guid":{"rendered":"https:\/\/cmbsas-caba.infd.edu.ar\/sitio\/?page_id=2967"},"modified":"2024-02-17T14:52:28","modified_gmt":"2024-02-17T17:52:28","slug":"equipo-interdisciplinario","status":"publish","type":"page","link":"https:\/\/cmbsas-caba.infd.edu.ar\/sitio\/institucional\/equipo-interdisciplinario\/","title":{"rendered":"Equipo Interdisciplinario"},"content":{"rendered":"\n<p>El Equipo Interdisciplinario para la prevenci\u00f3n de la violencia de g\u00e9nero e institucional y promoci\u00f3n del bienestar de la comunidad educativa atiende las consultas de toda la comunidad referidas a estos temas, garantizando el principio de confidencialidad.<\/p>\n\n\n\n<p><br>El Equipo tiene como objetivo favorecer din\u00e1micas institucionales desde una perspectiva de g\u00e9nero que busque el reconocimiento y la ampliaci\u00f3n de derechos de todas las personas que forman parte del Conservatorio. Para ello promover\u00e1 espacios de reflexi\u00f3n orientados a colaborar en el fortalecimiento de relaciones m\u00e1s democr\u00e1ticas e igualitarias entre quienes formamos parte de la instituci\u00f3n, libres de prejuicios, estereotipos y violencias.<br><\/p>\n\n\n\n<p>Si sos estudiante, docente, no-docente, graduade o familiar de estudiante pod\u00e9s comunicarte a <strong><a href=\"mailto:equipo_piazzolla@buenosaires.gob.ar\"><\/a><a rel=\"noreferrer noopener\" href=\"mailto:einterpiazzolla@gmail.com\" target=\"_blank\">einterpiazzolla@gmail.com<\/a><\/strong> <\/p>\n\n\n\n<hr class=\"wp-block-separator has-css-opacity\"\/>\n\n\n\n<p>PROTOCOLO DE ACCI\u00d3N INSTITUCIONAL DEL CONSERVATORIO SUPERIOR DE M\u00daSICA DE LA CIUDAD DE BUENOS AIRES \u201c\u00c1STOR PIAZZOLLA\u201d PARA LA PREVENCI\u00d3N E INTERVENCI\u00d3N ANTE SITUACIONES DE VIOLENCIA DE G\u00c9NERO Y DISCRIMINACI\u00d3N BASADA EN LA ORIENTACI\u00d3N SEXUAL E IDENTIDAD DE G\u00c9NERO O SU EXPRESI\u00d3N.&nbsp; &nbsp;<strong><a href=\"https:\/\/cmbsas-caba.infd.edu.ar\/sitio\/wp-content\/uploads\/2020\/11\/PROTOCOLO-VIOLENCIA-DE-GENERO-2020v_2.pdf\" data-type=\"URL\" data-id=\"https:\/\/cmbsas-caba.infd.edu.ar\/sitio\/wp-content\/uploads\/2020\/11\/PROTOCOLO-VIOLENCIA-DE-GENERO-2020v_2.pdf\">VER AQUI<\/a><\/strong><\/p>\n","protected":false},"excerpt":{"rendered":"<p>El Equipo Interdisciplinario para la prevenci\u00f3n de la violencia de g\u00e9nero e institucional y promoci\u00f3n del bienestar de la comunidad educativa atiende las consultas de toda la comunidad referidas a estos temas, garantizando el principio de confidencialidad. El Equipo tiene como objetivo favorecer din\u00e1micas institucionales desde una perspectiva de g\u00e9nero que busque el reconocimiento y &#8230; <a title=\"Equipo Interdisciplinario\" class=\"read-more\" href=\"https:\/\/cmbsas-caba.infd.edu.ar\/sitio\/institucional\/equipo-interdisciplinario\/\" aria-label=\"More on Equipo Interdisciplinario\">[+]<\/a><\/p>\n","protected":false},"author":309,"featured_media":0,"parent":4864,"menu_order":0,"comment_status":"closed","ping_status":"closed","template":"","meta":[],"acf":[],"_links":{"self":[{"href":"https:\/\/cmbsas-caba.infd.edu.ar\/sitio\/wp-json\/wp\/v2\/pages\/2967"}],"collection":[{"href":"https:\/\/cmbsas-caba.infd.edu.ar\/sitio\/wp-json\/wp\/v2\/pages"}],"about":[{"href":"https:\/\/cmbsas-caba.infd.edu.ar\/sitio\/wp-json\/wp\/v2\/types\/page"}],"author":[{"embeddable":true,"href":"https:\/\/cmbsas-caba.infd.edu.ar\/sitio\/wp-json\/wp\/v2\/users\/309"}],"replies":[{"embeddable":true,"href":"https:\/\/cmbsas-caba.infd.edu.ar\/sitio\/wp-json\/wp\/v2\/comments?post=2967"}],"version-history":[{"count":3,"href":"https:\/\/cmbsas-caba.infd.edu.ar\/sitio\/wp-json\/wp\/v2\/pages\/2967\/revisions"}],"predecessor-version":[{"id":4215,"href":"https:\/\/cmbsas-caba.infd.edu.ar\/sitio\/wp-json\/wp\/v2\/pages\/2967\/revisions\/4215"}],"up":[{"embeddable":true,"href":"https:\/\/cmbsas-caba.infd.edu.ar\/sitio\/wp-json\/wp\/v2\/pages\/4864"}],"wp:attachment":[{"href":"https:\/\/cmbsas-caba.infd.edu.ar\/sitio\/wp-json\/wp\/v2\/media?parent=2967"}],"curies":[{"name":"wp","href":"https:\/\/api.w.org\/{rel}","templated":true}]}}

<p>El Equipo Interdisciplinario para la prevención de la violencia de género e institucional y promoción del bienestar de la comunidad educativa atiende las consultas de toda la comunidad referidas a estos temas, garantizando el principio de confidencialidad.</p>



<p><br>El Equipo tiene como objetivo favorecer dinámicas institucionales desde una perspectiva de género que busque el reconocimiento y la ampliación de derechos de todas las personas que forman parte del Conservatorio. Para ello promoverá espacios de reflexión orientados a colaborar en el fortalecimiento de relaciones más democráticas e igualitarias entre quienes formamos parte de la institución, libres de prejuicios, estereotipos y violencias.<br></p>



<p>Si sos estudiante, docente, no-docente, graduade o familiar de estudiante podés comunicarte a <strong><a href="mailto:equipo_piazzolla@buenosaires.gob.ar"></a><a rel="noreferrer noopener" href="mailto:einterpiazzolla@gmail.com" target="_blank">einterpiazzolla@gmail.com</a></strong> </p>



<hr class="wp-block-separator has-css-opacity"/>



<p>PROTOCOLO DE ACCIÓN INSTITUCIONAL DEL CONSERVATORIO SUPERIOR DE MÚSICA DE LA CIUDAD DE BUENOS AIRES “ÁSTOR PIAZZOLLA” PARA LA PREVENCIÓN E INTERVENCIÓN ANTE SITUACIONES DE VIOLENCIA DE GÉNERO Y DISCRIMINACIÓN BASADA EN LA ORIENTACIÓN SEXUAL E IDENTIDAD DE GÉNERO O SU EXPRESIÓN.&nbsp; &nbsp;<strong><a href="https://cmbsas-caba.infd.edu.ar/sitio/wp-content/uploads/2020/11/PROTOCOLO-VIOLENCIA-DE-GENERO-2020v_2.pdf" data-type="URL" data-id="https://cmbsas-caba.infd.edu.ar/sitio/wp-content/uploads/2020/11/PROTOCOLO-VIOLENCIA-DE-GENERO-2020v_2.pdf">VER AQUI</a></strong></p>

<p>El Equipo Interdisciplinario para la prevención de la violencia de género e institucional y promoción del bienestar de la comunidad educativa atiende las consultas de toda la comunidad referidas a estos temas, garantizando el principio de confidencialidad. El Equipo tiene como objetivo favorecer dinámicas institucionales desde una perspectiva de género que busque el reconocimiento y &#8230; <a title="Equipo Interdisciplinario" class="read-more" href="https://cmbsas-caba.infd.edu.ar/sitio/institucional/equipo-interdisciplinario/" aria-label="More on Equipo Interdisciplinario">[+]</a></p>
