{"id":3904,"date":"2023-04-24T16:11:46","date_gmt":"2023-04-24T19:11:46","guid":{"rendered":"https:\/\/cmbsas-caba.infd.edu.ar\/sitio\/?page_id=3904"},"modified":"2026-03-18T18:36:41","modified_gmt":"2026-03-18T21:36:41","slug":"proximas-reuniones","status":"publish","type":"page","link":"https:\/\/cmbsas-caba.infd.edu.ar\/sitio\/proximas-reuniones\/","title":{"rendered":"Pr\u00f3ximas reuniones"},"content":{"rendered":"\n<p>Reuni\u00f3n de Consejo Directivo \u2013 20\/03\/26, 12.00 h<\/p>\n\n\n\n<p>Estimada comunidad educativa,<\/p>\n\n\n\n<p>Les informamos que el viernes<strong>\u00a020\/03\u00a0a las 12\u00a0hs<\/strong>. se realizar\u00e1 la pr\u00f3xima reuni\u00f3n de consejo, donde se tratar\u00e1 el siguiente orden del d\u00eda:<\/p>\n\n\n\n<ol start=\"1\">\n<li>Informe institucional<\/li>\n\n\n\n<li>Designaciones, coberturas y \u00f3rdenes de m\u00e9rito<\/li>\n\n\n\n<li>Elecciones de Consejo<\/li>\n<\/ol>\n\n\n\n<p>Las reuniones del Consejo Directivo son espacios abiertos a toda la comunidad. Si bien tienen voz y voto las y los consejeros, todas las personas interesadas pueden asistir para conocer el desarrollo de los temas tratados.<\/p>\n\n\n\n<p>Para consultar las actas de reuniones anteriores, pueden acceder aqu\u00ed:<br><a href=\"https:\/\/cmbsas-caba.infd.edu.ar\/sitio\/actas-de-reunion-de-consejo-directivo\/\">https:\/\/cmbsas-caba.infd.edu.ar\/sitio\/actas-de-reunion-de-consejo-directivo\/<\/a><\/p>\n\n\n\n<hr class=\"wp-block-separator has-alpha-channel-opacity\"\/>\n\n\n\n<p><\/p>\n\n\n\n<p><\/p>\n","protected":false},"excerpt":{"rendered":"<p>Reuni\u00f3n de Consejo Directivo \u2013 20\/03\/26, 12.00 h Estimada comunidad educativa, Les informamos que el viernes\u00a020\/03\u00a0a las 12\u00a0hs. se realizar\u00e1 la pr\u00f3xima reuni\u00f3n de consejo, donde se tratar\u00e1 el siguiente orden del d\u00eda: Las reuniones del Consejo Directivo son espacios abiertos a toda la comunidad. Si bien tienen voz y voto las y los consejeros, &#8230; <a title=\"Pr\u00f3ximas reuniones\" class=\"read-more\" href=\"https:\/\/cmbsas-caba.infd.edu.ar\/sitio\/proximas-reuniones\/\" aria-label=\"More on Pr\u00f3ximas reuniones\">[+]<\/a><\/p>\n","protected":false},"author":309,"featured_media":0,"parent":0,"menu_order":0,"comment_status":"closed","ping_status":"closed","template":"","meta":[],"acf":[],"_links":{"self":[{"href":"https:\/\/cmbsas-caba.infd.edu.ar\/sitio\/wp-json\/wp\/v2\/pages\/3904"}],"collection":[{"href":"https:\/\/cmbsas-caba.infd.edu.ar\/sitio\/wp-json\/wp\/v2\/pages"}],"about":[{"href":"https:\/\/cmbsas-caba.infd.edu.ar\/sitio\/wp-json\/wp\/v2\/types\/page"}],"author":[{"embeddable":true,"href":"https:\/\/cmbsas-caba.infd.edu.ar\/sitio\/wp-json\/wp\/v2\/users\/309"}],"replies":[{"embeddable":true,"href":"https:\/\/cmbsas-caba.infd.edu.ar\/sitio\/wp-json\/wp\/v2\/comments?post=3904"}],"version-history":[{"count":10,"href":"https:\/\/cmbsas-caba.infd.edu.ar\/sitio\/wp-json\/wp\/v2\/pages\/3904\/revisions"}],"predecessor-version":[{"id":8638,"href":"https:\/\/cmbsas-caba.infd.edu.ar\/sitio\/wp-json\/wp\/v2\/pages\/3904\/revisions\/8638"}],"wp:attachment":[{"href":"https:\/\/cmbsas-caba.infd.edu.ar\/sitio\/wp-json\/wp\/v2\/media?parent=3904"}],"curies":[{"name":"wp","href":"https:\/\/api.w.org\/{rel}","templated":true}]}}