{"id":4705,"date":"2024-02-17T00:38:40","date_gmt":"2024-02-17T03:38:40","guid":{"rendered":"https:\/\/cmbsas-caba.infd.edu.ar\/sitio\/?page_id=4705"},"modified":"2025-11-26T10:37:37","modified_gmt":"2025-11-26T13:37:37","slug":"ingresantes-nivel-medio-trayecto-artistico-profesional","status":"publish","type":"page","link":"https:\/\/cmbsas-caba.infd.edu.ar\/sitio\/oferta-academica\/ingresantes\/ingresantes-nivel-medio-trayecto-artistico-profesional\/","title":{"rendered":"Nivel Medio (Trayecto Art\u00edstico Profesional) &#8211; Adolescentes y adultos sin conocimientos previos"},"content":{"rendered":"\n<div class=\"wp-block-columns is-layout-flex wp-container-1\"><\/div>\n\n\n\n<div class=\"wp-block-columns alignwide is-layout-flex wp-container-8\" style=\"margin-bottom:0\">\n<div class=\"wp-block-column has-text-color has-background has-link-color wp-elements-5dc17921b992440ae7c3e9e6f3d424db is-layout-flow\" style=\"color:#000000;background-color:#cb7dff66;padding-top:2em;padding-right:2em;padding-bottom:2em;padding-left:2em\">\n<h2 class=\"wp-block-heading\" id=\"single\" style=\"font-size:40px\"><strong>Inscripciones<\/strong><\/h2>\n\n\n\n<div class=\"wp-block-buttons is-horizontal is-content-justification-center is-layout-flex wp-container-2\">\n<div class=\"wp-block-button has-custom-width wp-block-button__width-100\"><a class=\"wp-block-button__link has-white-color has-text-color has-background no-border-radius wp-element-button\" href=\"#inscripciones\" style=\"background-color:#000000\">M\u00e1s info<\/a><\/div>\n<\/div>\n<\/div>\n\n\n\n<div class=\"wp-block-column has-text-color has-background has-link-color wp-elements-d2a74b34a0182734590b5b96538d5b2d is-layout-flow\" style=\"color:#000000;background-color:#d1d1e1;padding-top:2em;padding-right:2em;padding-bottom:2em;padding-left:2em\">\n<h2 class=\"wp-block-heading\" id=\"family\" style=\"font-size:40px\"><strong>Instrumentos<\/strong><\/h2>\n\n\n\n<div class=\"wp-block-buttons is-horizontal is-content-justification-center is-layout-flex wp-container-4\">\n<div class=\"wp-block-button has-custom-width wp-block-button__width-100 is-style-fill\"><a class=\"wp-block-button__link has-white-color has-text-color has-background no-border-radius wp-element-button\" href=\"#instrumentos\" style=\"background-color:#000000\">M\u00e1s info<\/a><\/div>\n<\/div>\n<\/div>\n\n\n\n<div class=\"wp-block-column has-text-color has-background has-link-color wp-elements-420cc5a4c9356effd80d24f964a90e77 is-layout-flow\" style=\"color:#000000;background-color:#c2c2f2;padding-top:2em;padding-right:2em;padding-bottom:2em;padding-left:2em\">\n<h2 class=\"wp-block-heading\" id=\"patron\" style=\"font-size:40px\"><strong>Programas<\/strong><\/h2>\n\n\n\n<div class=\"wp-block-buttons is-horizontal is-content-justification-center is-layout-flex wp-container-6\">\n<div class=\"wp-block-button has-custom-width wp-block-button__width-100\"><a class=\"wp-block-button__link has-white-color has-text-color has-background no-border-radius wp-element-button\" href=\"#programas\" style=\"background-color:#000000\">M\u00e1s info<\/a><\/div>\n<\/div>\n<\/div>\n<\/div>\n\n\n\n<p class=\"has-x-large-font-size\"><strong>Inscripciones<\/strong><\/p>\n\n\n\n<p class=\"has-medium-font-size\">Para empezar a cursar el Nivel Medio debe estar cursando 1<sup>er<\/sup> a\u00f1o de la escuela secundaria y tener 13 a\u00f1os de edad cumplidos.<\/p>\n\n\n\n<p class=\"has-medium-font-size\">Nuestro Conservatorio considera a los \u00abIngresantes\u00bb como a todos aquellos que quieren ingresar <span style=\"text-decoration: underline;\">por primera vez<\/span> este a\u00f1o en nuestra instituci\u00f3n.<\/p>\n\n\n\n<h4 class=\"wp-block-heading\" id=\"inscripciones\"><strong>Matriculaci\u00f3n 202<\/strong>6<\/h4>\n\n\n\n<p>El primer paso para inscribirte es tener un un usuario en nuestra plataforma para Estudiantes, si no lo ten\u00e9s pod\u00e9s crearlo ingresando a <a href=\"https:\/\/conservatoriopiazzolla.ar\/\" data-type=\"URL\" data-id=\"https:\/\/conservatoriopiazzolla.ar\/\" target=\"_blank\" rel=\"noreferrer noopener\">siguiente formulario<\/a>. Una vez completado el formulario, seg\u00fan la disponibilidad de vacantes en las distintas especialidades, ser\u00e1s inscripto\/a.<br><br>\u25ba <strong><strong>Nos comunicaremos por email durante el mes de Febrero<\/strong><\/strong> para continuar con el proceso de inscripci\u00f3n (env\u00edo de documentaci\u00f3n) y matriculaci\u00f3n (elecci\u00f3n de d\u00edas y horarios de las materias).<\/p>\n\n\n\n<h4 class=\"wp-block-heading\"><strong>Documentaci\u00f3n necesaria<\/strong><\/h4>\n\n\n\n<ul>\n<li>DNI \/ Pasaporte (frente y dorso)<\/li>\n\n\n\n<li>Si es menor de edad: DNI o Pasaporte (frente y dorso) del padre\/madre o tutor legal.<\/li>\n\n\n\n<li>Partida de Nacimiento<\/li>\n\n\n\n<li>Si termin\u00f3 la Educaci\u00f3n Secundaria: <em>T\u00edtulo Secundario <\/em>o<em> Certificado de t\u00edtulo en tr\u00e1mite.<\/em><\/li>\n\n\n\n<li>Si a\u00fan no termin\u00f3 la Educaci\u00f3n Secundaria: <em>Certificado de alumno regular<\/em><\/li>\n\n\n\n<li>Autorizaci\u00f3n para la publicaci\u00f3n de im\u00e1genes de estudiantes.<\/li>\n<\/ul>\n\n\n\n<p>En caso de dudas comunicate por correo electr\u00f3nico a: conservatorio_piazzolla@buenosaires.gob.ar<\/p>\n\n\n\n<hr class=\"wp-block-separator has-alpha-channel-opacity\"\/>\n\n\n\n<h1 class=\"wp-block-heading has-x-large-font-size\" id=\"instrumentos\"><strong>Instrumentos<\/strong> y materias por a\u00f1o<\/h1>\n\n\n\n<ul>\n<li>Arpa<\/li>\n\n\n\n<li>Saxo<\/li>\n\n\n\n<li>Oboe<\/li>\n\n\n\n<li>Percusi\u00f3n<\/li>\n\n\n\n<li>Flauta Dulce<\/li>\n\n\n\n<li>Flauta Traversa<\/li>\n\n\n\n<li>Guitarra<\/li>\n\n\n\n<li>Contrabajo<\/li>\n\n\n\n<li>Fagot<\/li>\n\n\n\n<li>Tromb\u00f3n<\/li>\n\n\n\n<li>Trompa<\/li>\n\n\n\n<li>Trompeta<\/li>\n\n\n\n<li>Viola<\/li>\n\n\n\n<li>Viol\u00edn<\/li>\n\n\n\n<li>Violoncello<\/li>\n\n\n\n<li>Bandone\u00f3n<\/li>\n\n\n\n<li>Clarinete<\/li>\n\n\n\n<li>Piano<\/li>\n<\/ul>\n\n\n\n<h4 class=\"wp-block-heading\"><strong>Materias<\/strong><\/h4>\n\n\n\n<h5 class=\"wp-block-heading\"><strong>Primer a\u00f1o<\/strong><\/h5>\n\n\n\n<ul>\n<li>Instrumento I<\/li>\n\n\n\n<li>Teor\u00eda y Pr\u00e1ctica de la M\u00fasica I<\/li>\n\n\n\n<li>Apreciaci\u00f3n Musical I<\/li>\n\n\n\n<li>Pr\u00e1ctica Coral I<\/li>\n\n\n\n<li>Instrumento Complementario I<\/li>\n<\/ul>\n\n\n\n<h5 class=\"wp-block-heading\"><strong>Segundo a\u00f1o<\/strong><\/h5>\n\n\n\n<ul>\n<li>Instrumento II<\/li>\n\n\n\n<li>Teor\u00eda y Pr\u00e1ctica de la M\u00fasica II<\/li>\n\n\n\n<li>Apreciaci\u00f3n Musical II<\/li>\n\n\n\n<li>Pr\u00e1ctica Coral II<\/li>\n\n\n\n<li>Instrumento Complementario II<\/li>\n\n\n\n<li>Computaci\u00f3n Aplicada a la M\u00fasica I<\/li>\n<\/ul>\n\n\n\n<h5 class=\"wp-block-heading\"><strong>Tercer a\u00f1o<\/strong><\/h5>\n\n\n\n<ul>\n<li>Instrumento III<\/li>\n\n\n\n<li>Teor\u00eda y Pr\u00e1ctica de la M\u00fasica III<\/li>\n\n\n\n<li>Apreciaci\u00f3n Musical III<\/li>\n\n\n\n<li>Pr\u00e1ctica Coral III<\/li>\n\n\n\n<li>Instrumento Complementario III<\/li>\n\n\n\n<li>Computaci\u00f3n Aplicada a la M\u00fasica II<\/li>\n\n\n\n<li>Historia General de la M\u00fasica I<\/li>\n<\/ul>\n\n\n\n<h5 class=\"wp-block-heading\"><strong>Cuarto a\u00f1o<\/strong><\/h5>\n\n\n\n<ul>\n<li>Instrumento IV<\/li>\n\n\n\n<li>Teor\u00eda y Pr\u00e1ctica de la M\u00fasica IV<\/li>\n\n\n\n<li>Apreciaci\u00f3n Musical IV<\/li>\n\n\n\n<li>Pr\u00e1ctica Coral e Introducci\u00f3n a la Direcci\u00f3n<\/li>\n\n\n\n<li>Computaci\u00f3n Aplicada a la M\u00fasica III<\/li>\n\n\n\n<li>M\u00fasica de C\u00e1mara<\/li>\n\n\n\n<li>Historia General de la M\u00fasica II<\/li>\n<\/ul>\n\n\n\n<hr class=\"wp-block-separator has-alpha-channel-opacity\"\/>\n\n\n\n<h1 class=\"wp-block-heading\" id=\"programas\"><strong>Programas Nivel Medio<\/strong><\/h1>\n\n\n\n<h4 class=\"wp-block-heading\"><strong>Instrumento<\/strong><\/h4>\n\n\n\n<ul>\n<li><a href=\"https:\/\/cmbsas-caba.infd.edu.ar\/sitio\/wp-content\/uploads\/2024\/02\/Nivel-Medio-ARPA-I-II-III-y-IV-SADE.pdf\">Arpa<\/a><\/li>\n\n\n\n<li><a href=\"https:\/\/cmbsas-caba.infd.edu.ar\/sitio\/wp-content\/uploads\/2024\/11\/Nivel-Medio-SAXOFON-I-II-III-y-IV-pdf.docx.pdf\">Saxo<\/a><\/li>\n\n\n\n<li><a href=\"https:\/\/cmbsas-caba.infd.edu.ar\/sitio\/wp-content\/uploads\/2023\/11\/Nivel-Medio-OBOE-I-II-III-y-IV.docx.pdf\">Oboe<\/a><\/li>\n\n\n\n<li><a href=\"https:\/\/cmbsas-caba.infd.edu.ar\/sitio\/wp-content\/uploads\/2023\/11\/Nivel-Medio_Percusion.pdf\">Percusi\u00f3n<\/a><\/li>\n\n\n\n<li><a href=\"https:\/\/cmbsas-caba.infd.edu.ar\/sitio\/wp-content\/uploads\/2023\/11\/Nivel-Medio-FLAUTA-DULCE-I-II-III-y-IV.pdf\">Flauta Dulce<\/a><\/li>\n\n\n\n<li><a href=\"https:\/\/cmbsas-caba.infd.edu.ar\/sitio\/wp-content\/uploads\/2023\/11\/Nivel-Medio-FLAUTA-TRAVERSA-I-II-III-y-IV.docx.pdf\">Flauta Traversa<\/a><\/li>\n\n\n\n<li><a href=\"https:\/\/cmbsas-caba.infd.edu.ar\/sitio\/wp-content\/uploads\/2024\/08\/Nivel-Medio-GUITARRA-I-a-IV-SADE.pdf\">Guitarra<\/a><\/li>\n\n\n\n<li><a href=\"https:\/\/cmbsas-caba.infd.edu.ar\/sitio\/wp-content\/uploads\/2023\/11\/Nivel-Medio-CONTRABAJO-I-II-III-Y-IV-.docx.pdf\">Contrabajo<\/a><\/li>\n\n\n\n<li><a href=\"https:\/\/cmbsas-caba.infd.edu.ar\/sitio\/wp-content\/uploads\/2023\/11\/Nivel-Medio-FAGOT-I-II-III-y-IV.docx.pdf\">Fagot<\/a><\/li>\n\n\n\n<li><a href=\"https:\/\/cmbsas-caba.infd.edu.ar\/sitio\/wp-content\/uploads\/2024\/04\/Plan-2015-TROMBON-I-II-III-y-IV-SADE.pdf\">Tromb\u00f3n<\/a><\/li>\n\n\n\n<li><a href=\"https:\/\/cmbsas-caba.infd.edu.ar\/sitio\/wp-content\/uploads\/2024\/06\/Nivel-Medio-TROMPA-I-a-IV-SADE.pdf\">Trompa<\/a><\/li>\n\n\n\n<li><a href=\"https:\/\/cmbsas-caba.infd.edu.ar\/sitio\/wp-content\/uploads\/2023\/11\/Nivel-Medio_Trompeta.pdf\">Trompeta<\/a><\/li>\n\n\n\n<li><a href=\"https:\/\/cmbsas-caba.infd.edu.ar\/sitio\/wp-content\/uploads\/2023\/11\/Nivel-Medio-VIOLA-I-II-III-Y-IV-v2.docx.pdf\">Viola<\/a><\/li>\n\n\n\n<li><a href=\"https:\/\/cmbsas-caba.infd.edu.ar\/sitio\/wp-content\/uploads\/2023\/11\/Nivel-Medio-VIOLIN-I-II-III-Y-IV-v2-.docx.pdf\">Viol\u00edn<\/a><\/li>\n\n\n\n<li><a href=\"https:\/\/cmbsas-caba.infd.edu.ar\/sitio\/wp-content\/uploads\/2023\/11\/Nivel-Medio-VIOLONCELLO-I-II-III-Y-IV.docx.pdf\">Violoncello<\/a><\/li>\n\n\n\n<li><a href=\"https:\/\/cmbsas-caba.infd.edu.ar\/sitio\/wp-content\/uploads\/2023\/11\/Nivel-Medio-BANDONEON-I-II-III-y-IV.docx.pdf\">Bandone\u00f3n<\/a><\/li>\n\n\n\n<li><a href=\"https:\/\/cmbsas-caba.infd.edu.ar\/sitio\/wp-content\/uploads\/2023\/11\/Nivel-Medio_Clarinete.pdf\">Clarinete<\/a><\/li>\n\n\n\n<li><a href=\"https:\/\/cmbsas-caba.infd.edu.ar\/sitio\/wp-content\/uploads\/2024\/04\/Nivel-Medio-PIANO-I-a-IV-SADE.pdf\">Piano<\/a><\/li>\n<\/ul>\n\n\n\n<h4 class=\"wp-block-heading\"><strong>Materias comunes a todas las orientaciones<\/strong><\/h4>\n\n\n\n<ul>\n<li><a href=\"https:\/\/cmbsas-caba.infd.edu.ar\/sitio\/wp-content\/uploads\/2025\/03\/Programa-Apreciacion-musical-1.docx.pdf\">Apreciaci\u00f3n Musical I<\/a><\/li>\n\n\n\n<li><a href=\"https:\/\/cmbsas-caba.infd.edu.ar\/sitio\/wp-content\/uploads\/2025\/03\/Programa-Apreciacion-musical-2.docx.pdf\">Apreciaci\u00f3n Musical II<\/a><\/li>\n\n\n\n<li><a href=\"https:\/\/cmbsas-caba.infd.edu.ar\/sitio\/wp-content\/uploads\/2025\/03\/Programa-Apreciacion-musical-3.docx.pdf\">Apreciaci\u00f3n Musical III<\/a><\/li>\n\n\n\n<li><a href=\"https:\/\/cmbsas-caba.infd.edu.ar\/sitio\/wp-content\/uploads\/2025\/03\/Programa-Apreciacion-musical-4.docx.pdf\">Apreciaci\u00f3n musical IV<\/a><\/li>\n\n\n\n<li><a href=\"https:\/\/cmbsas-caba.infd.edu.ar\/sitio\/wp-content\/uploads\/2023\/11\/Nivel-Medio-COMPUTACION-APLICADA-A-LA-MUSICA-I.docx.pdf\">Computaci\u00f3n Aplicada A La M\u00fasica I<\/a><\/li>\n\n\n\n<li><a href=\"https:\/\/cmbsas-caba.infd.edu.ar\/sitio\/wp-content\/uploads\/2023\/11\/Nivel-Medio-COMPUTACION-APLICADA-A-LA-MUSICA-II.pdf\">Computaci\u00f3n Aplicada A La M\u00fasica II<\/a><\/li>\n\n\n\n<li><a href=\"https:\/\/cmbsas-caba.infd.edu.ar\/sitio\/wp-content\/uploads\/2023\/11\/Nivel-Medio-COMPUTACION-APLICADA-A-LA-MUSICA-III.docx.pdf\">Computaci\u00f3n Aplicada A La M\u00fasica III<\/a><\/li>\n\n\n\n<li><a href=\"https:\/\/cmbsas-caba.infd.edu.ar\/sitio\/wp-content\/uploads\/2023\/11\/Nivel-Medio-HISTORIA-GENERAL-DE-LA-MUSICA-I.docx.pdf\">Historia General De La M\u00fasica I<\/a><\/li>\n\n\n\n<li><a href=\"https:\/\/cmbsas-caba.infd.edu.ar\/sitio\/wp-content\/uploads\/2023\/11\/Nivel-Medio-HISTORIA-GENERAL-DE-LA-MUSICA-II.docx.pdf\">Historia General De La M\u00fasica II<\/a><\/li>\n\n\n\n<li><a href=\"https:\/\/cmbsas-caba.infd.edu.ar\/sitio\/wp-content\/uploads\/2023\/11\/Nivel-Medio-MUSICA-DE-CAMARA.docx.pdf\">M\u00fasica De C\u00e1mara<\/a><\/li>\n\n\n\n<li><a href=\"https:\/\/cmbsas-caba.infd.edu.ar\/sitio\/wp-content\/uploads\/2023\/11\/Nivel-Medio-PRACTICA-CORAL-I.docx.pdf\">Pr\u00e1ctica Coral I<\/a><\/li>\n\n\n\n<li><a href=\"https:\/\/cmbsas-caba.infd.edu.ar\/sitio\/wp-content\/uploads\/2023\/11\/Nivel-Medio-PRACTICA-CORAL-II.docx.pdf\">Pr\u00e1ctica Coral II<\/a><\/li>\n\n\n\n<li><a href=\"https:\/\/cmbsas-caba.infd.edu.ar\/sitio\/wp-content\/uploads\/2023\/11\/Nivel-Medio-PRACTICA-CORAL-III.docx.pdf\">Pr\u00e1ctica Coral III<\/a><\/li>\n\n\n\n<li><a href=\"https:\/\/cmbsas-caba.infd.edu.ar\/sitio\/wp-content\/uploads\/2023\/11\/Nivel-Medio-PRACTICA-CORAL-IV-E-INTRODUCCION-A-LA-DIRECCION.docx.pdf\">Pr\u00e1ctica Coral IV E Introducci\u00f3n A La Direcci\u00f3n<\/a><\/li>\n\n\n\n<li><a href=\"https:\/\/cmbsas-caba.infd.edu.ar\/sitio\/wp-content\/uploads\/2024\/08\/Nivel-Medio-TEORIA-Y-PRACTICA-DE-LA-MUSICA-I-SADE-v2.pdf\">Teor\u00eda Y Pr\u00e1ctica De La M\u00fasica I<\/a><\/li>\n\n\n\n<li><a href=\"https:\/\/cmbsas-caba.infd.edu.ar\/sitio\/wp-content\/uploads\/2024\/08\/Nivel-Medio-TEORIA-Y-PRACTICA-DE-LA-MUSICA-II-SADE-v2.pdf\">Teor\u00eda Y Pr\u00e1ctica De La M\u00fasica II<\/a><\/li>\n\n\n\n<li><a href=\"https:\/\/cmbsas-caba.infd.edu.ar\/sitio\/wp-content\/uploads\/2024\/08\/Nivel-Medio-TEORIA-Y-PRACTICA-DE-LA-MUSICA-III-SADE-v2.pdf\">Teor\u00eda Y Pr\u00e1ctica De La M\u00fasica III<\/a><\/li>\n\n\n\n<li><a href=\"https:\/\/cmbsas-caba.infd.edu.ar\/sitio\/wp-content\/uploads\/2024\/08\/Nivel-Medio-TEORIA-Y-PRACTICA-DE-LA-MUSICA-IV-SADE-v2.pdf\">Teor\u00eda Y Pr\u00e1ctica De La M\u00fasica IV<\/a><\/li>\n\n\n\n<li><a href=\"https:\/\/cmbsas-caba.infd.edu.ar\/sitio\/wp-content\/uploads\/2023\/12\/Nivel-Medio-PIANO-COMPLEMENTARIO-I-SADE.pdf\">Piano complementario I<\/a><\/li>\n\n\n\n<li><a href=\"https:\/\/cmbsas-caba.infd.edu.ar\/sitio\/wp-content\/uploads\/2023\/12\/Nivel-Medio-PIANO-COMPLEMENTARIO-II-SADE.pdf\">Piano complementario II<\/a><\/li>\n\n\n\n<li><a href=\"https:\/\/cmbsas-caba.infd.edu.ar\/sitio\/wp-content\/uploads\/2023\/12\/Nivel-Medio-PIANO-COMPLEMENTARIO-III-SADE.pdf\">Piano complementario III<\/a><\/li>\n<\/ul>\n\n\n\n<hr class=\"wp-block-separator has-alpha-channel-opacity\"\/>\n\n\n\n<p><a rel=\"noreferrer noopener\" href=\"https:\/\/cmbsas-caba.infd.edu.ar\/sitio\/oferta-academica\/ingresantes\/ingresantes-preguntas-frecuentes\/\" data-type=\"URL\" data-id=\"https:\/\/cmbsas-caba.infd.edu.ar\/sitio\/oferta-academica\/ingresantes\/ingresantes-preguntas-frecuentes\/\" target=\"_blank\"><a rel=\"noreferrer noopener\" href=\"https:\/\/cmbsas-caba.infd.edu.ar\/sitio\/oferta-academica\/ingresantes\/ingresantes-preguntas-frecuentes\/\" data-type=\"URL\" data-id=\"https:\/\/cmbsas-caba.infd.edu.ar\/sitio\/oferta-academica\/ingresantes\/ingresantes-preguntas-frecuentes\/\" target=\"_blank\">Preguntas Frecuentes<\/a><\/a><\/p>\n","protected":false},"excerpt":{"rendered":"<p>Inscripciones Instrumentos Programas Inscripciones Para empezar a cursar el Nivel Medio debe estar cursando 1er a\u00f1o de la escuela secundaria y tener 13 a\u00f1os de edad cumplidos. Nuestro Conservatorio considera a los \u00abIngresantes\u00bb como a todos aquellos que quieren ingresar por primera vez este a\u00f1o en nuestra instituci\u00f3n. Matriculaci\u00f3n 2026 El primer paso para inscribirte &#8230; <a title=\"Nivel Medio (Trayecto Art\u00edstico Profesional) &#8211; Adolescentes y adultos sin conocimientos previos\" class=\"read-more\" href=\"https:\/\/cmbsas-caba.infd.edu.ar\/sitio\/oferta-academica\/ingresantes\/ingresantes-nivel-medio-trayecto-artistico-profesional\/\" aria-label=\"More on Nivel Medio (Trayecto Art\u00edstico Profesional) &#8211; Adolescentes y adultos sin conocimientos previos\">[+]<\/a><\/p>\n","protected":false},"author":2817,"featured_media":0,"parent":3491,"menu_order":0,"comment_status":"closed","ping_status":"closed","template":"","meta":[],"acf":[],"_links":{"self":[{"href":"https:\/\/cmbsas-caba.infd.edu.ar\/sitio\/wp-json\/wp\/v2\/pages\/4705"}],"collection":[{"href":"https:\/\/cmbsas-caba.infd.edu.ar\/sitio\/wp-json\/wp\/v2\/pages"}],"about":[{"href":"https:\/\/cmbsas-caba.infd.edu.ar\/sitio\/wp-json\/wp\/v2\/types\/page"}],"author":[{"embeddable":true,"href":"https:\/\/cmbsas-caba.infd.edu.ar\/sitio\/wp-json\/wp\/v2\/users\/2817"}],"replies":[{"embeddable":true,"href":"https:\/\/cmbsas-caba.infd.edu.ar\/sitio\/wp-json\/wp\/v2\/comments?post=4705"}],"version-history":[{"count":30,"href":"https:\/\/cmbsas-caba.infd.edu.ar\/sitio\/wp-json\/wp\/v2\/pages\/4705\/revisions"}],"predecessor-version":[{"id":8349,"href":"https:\/\/cmbsas-caba.infd.edu.ar\/sitio\/wp-json\/wp\/v2\/pages\/4705\/revisions\/8349"}],"up":[{"embeddable":true,"href":"https:\/\/cmbsas-caba.infd.edu.ar\/sitio\/wp-json\/wp\/v2\/pages\/3491"}],"wp:attachment":[{"href":"https:\/\/cmbsas-caba.infd.edu.ar\/sitio\/wp-json\/wp\/v2\/media?parent=4705"}],"curies":[{"name":"wp","href":"https:\/\/api.w.org\/{rel}","templated":true}]}}