{"id":7257,"date":"2025-06-30T12:44:33","date_gmt":"2025-06-30T15:44:33","guid":{"rendered":"https:\/\/cmbsas-caba.infd.edu.ar\/sitio\/?page_id=7257"},"modified":"2025-07-03T12:46:59","modified_gmt":"2025-07-03T15:46:59","slug":"programas-piazzolla-en-el-piazzolla-2da-edicion-en-pdf","status":"publish","type":"page","link":"https:\/\/cmbsas-caba.infd.edu.ar\/sitio\/programas-piazzolla-en-el-piazzolla-2da-edicion-en-pdf\/","title":{"rendered":"Programaci\u00f3n Piazzolla en el Piazzolla 2da edici\u00f3n en PDF"},"content":{"rendered":"\n<p>Bajate en PDF la programaci\u00f3n por d\u00eda o por semana de actividades:<\/p>\n\n\n\n<p><a href=\"https:\/\/cmbsas-caba.infd.edu.ar\/sitio\/wp-content\/uploads\/2025\/06\/Lunes-30-de-junio-Programa-Piazzolla-en-el-Piazzolla.pdf\">&#x1f3bc;Lunes 30 de <\/a><a href=\"https:\/\/cmbsas-caba.infd.edu.ar\/sitio\/wp-content\/uploads\/2025\/07\/Lunes-30-Piazzolla-en-el-Piazzolla-2da-edicion.pdf\">junio<\/a><\/p>\n\n\n\n<p>&#x1f3bc;<a href=\"https:\/\/cmbsas-caba.infd.edu.ar\/sitio\/wp-content\/uploads\/2025\/06\/Martes-1-de-julio-Programa-Piazzolla-en-el-Piazzolla.pdf\">Martes <\/a><a href=\"https:\/\/cmbsas-caba.infd.edu.ar\/sitio\/wp-content\/uploads\/2025\/07\/Martes-1-de-julio-Piazzolla-en-el-Piazzolla-2da-edicion.pdf\">1 de julio<\/a><\/p>\n\n\n\n<p><a href=\"https:\/\/cmbsas-caba.infd.edu.ar\/sitio\/wp-content\/uploads\/2025\/06\/Miercoles-2-de-julio-Programa-Piazzolla-en-el-Piazzolla.pdf\">&#x1f3bc;<\/a><a href=\"https:\/\/cmbsas-caba.infd.edu.ar\/sitio\/wp-content\/uploads\/2025\/07\/Miercoles-2-de-julio-Piazzolla-en-el-Piazzolla-2da-edicion.pdf\">Mi\u00e9rcoles 2 de julio<\/a><\/p>\n\n\n\n<p><a href=\"https:\/\/cmbsas-caba.infd.edu.ar\/sitio\/wp-content\/uploads\/2025\/06\/Jueves-3-de-julio-Programa-Piazzolla-en-el-Piazzolla.pdf\">&#x1f3bc;Jueves 3 <\/a><a href=\"https:\/\/cmbsas-caba.infd.edu.ar\/sitio\/wp-content\/uploads\/2025\/07\/Jueves-3-de-julio-Piazzolla-en-el-Piazzolla-2da-edicion.pdf\">de julio<\/a><\/p>\n\n\n\n<p><a href=\"https:\/\/cmbsas-caba.infd.edu.ar\/sitio\/wp-content\/uploads\/2025\/07\/Viernes-4-de-julio-Piazzolla-en-el-Piazzolla-2da-edicion.pdf\">&#x1f3bc;Viernes 4 de julio<\/a><\/p>\n\n\n\n<p>&#x1f3bc;<a href=\"https:\/\/cmbsas-caba.infd.edu.ar\/sitio\/wp-content\/uploads\/2025\/07\/Sabado-5-de-julio-Piazzolla-en-el-Piazzolla-2da-edicion.pdf\">S\u00e1bado 5 de julio<\/a><\/p>\n\n\n\n<p>&#x1f3bc;<a href=\"https:\/\/cmbsas-caba.infd.edu.ar\/sitio\/wp-content\/uploads\/2025\/07\/Celebraciones-especiales-piazzolla-en-el-piazzolla-2da-edicion.pdf\">Semana \u2013 Celebraciones especiales<\/a><\/p>\n\n\n\n<p>&#x1f3bc;<a href=\"https:\/\/cmbsas-caba.infd.edu.ar\/sitio\/wp-content\/uploads\/2025\/07\/Actividades-academicas-\u2013-Piazzolla-en-el-Piazzolla.pdf\">Semana \u2013 Actividades acad\u00e9micas<\/a><\/p>\n","protected":false},"excerpt":{"rendered":"<p>Bajate en PDF la programaci\u00f3n por d\u00eda o por semana de actividades: &#x1f3bc;Lunes 30 de junio &#x1f3bc;Martes 1 de julio &#x1f3bc;Mi\u00e9rcoles 2 de julio &#x1f3bc;Jueves 3 de julio &#x1f3bc;Viernes 4 de julio &#x1f3bc;S\u00e1bado 5 de julio &#x1f3bc;Semana \u2013 Celebraciones especiales &#x1f3bc;Semana \u2013 Actividades acad\u00e9micas<\/p>\n","protected":false},"author":3699,"featured_media":0,"parent":0,"menu_order":0,"comment_status":"closed","ping_status":"closed","template":"","meta":[],"acf":[],"_links":{"self":[{"href":"https:\/\/cmbsas-caba.infd.edu.ar\/sitio\/wp-json\/wp\/v2\/pages\/7257"}],"collection":[{"href":"https:\/\/cmbsas-caba.infd.edu.ar\/sitio\/wp-json\/wp\/v2\/pages"}],"about":[{"href":"https:\/\/cmbsas-caba.infd.edu.ar\/sitio\/wp-json\/wp\/v2\/types\/page"}],"author":[{"embeddable":true,"href":"https:\/\/cmbsas-caba.infd.edu.ar\/sitio\/wp-json\/wp\/v2\/users\/3699"}],"replies":[{"embeddable":true,"href":"https:\/\/cmbsas-caba.infd.edu.ar\/sitio\/wp-json\/wp\/v2\/comments?post=7257"}],"version-history":[{"count":3,"href":"https:\/\/cmbsas-caba.infd.edu.ar\/sitio\/wp-json\/wp\/v2\/pages\/7257\/revisions"}],"predecessor-version":[{"id":7321,"href":"https:\/\/cmbsas-caba.infd.edu.ar\/sitio\/wp-json\/wp\/v2\/pages\/7257\/revisions\/7321"}],"wp:attachment":[{"href":"https:\/\/cmbsas-caba.infd.edu.ar\/sitio\/wp-json\/wp\/v2\/media?parent=7257"}],"curies":[{"name":"wp","href":"https:\/\/api.w.org\/{rel}","templated":true}]}}